{"id":3942,"date":"2023-10-17T11:43:47","date_gmt":"2023-10-17T11:43:47","guid":{"rendered":"http:\/\/plaspla.es\/?post_type=property&#038;p=3942"},"modified":"2026-03-30T16:54:46","modified_gmt":"2026-03-30T16:54:46","slug":"atico-en-las-corts","status":"publish","type":"property","link":"http:\/\/plaspla.es\/ca\/property\/atico-en-las-corts\/","title":{"rendered":"\u00c1tico en las Corts"},"content":{"rendered":"<p>En alquiler de larga estancia \u00e1tico en la calle Numancia.<\/p>\n<p>Este apartamento se encuentra en la pen\u00faltima planta de un edificio de 8 plantas.<\/p>\n<p>Podr\u00e1s disfrutar de la terraza todo el a\u00f1o, con buenas vistas y sol desde primera hora de la ma\u00f1ana hasta el final del d\u00eda.<\/p>\n<p>V\u00edvelo en pareja o soltero; tendr\u00e1s todo lo que necesitas para muchos a\u00f1os.<\/p>\n<p>Sin muebles para que lo puedas decorar a tu gusto.<\/p>\n<p>Sin duda una muy buena opci\u00f3n en el barrio.<\/p>\n<p>No dejes de ver este piso antes de decidir.<\/p>\n<p>&nbsp;<\/p>\n<p>&nbsp;<\/p>\n","protected":false},"featured_media":3954,"comment_status":"closed","ping_status":"closed","template":"","property_type":[98],"property_location":[],"property_status":[],"property_label":[140],"property_amenity":[172,197,196,195,225,171,203,213,168,170],"property_material":[],"yoast_head":"<!-- This site is optimized with the Yoast SEO plugin v21.3 - https:\/\/yoast.com\/wordpress\/plugins\/seo\/ -->\n<title>\u00c1tico en las Corts - PlasPla Vilesca Immobili\u00e0ria<\/title>\n<meta name=\"robots\" content=\"index, follow, max-snippet:-1, max-image-preview:large, max-video-preview:-1\" \/>\n<link rel=\"canonical\" href=\"http:\/\/plaspla.es\/ca\/property\/atico-en-las-corts\/\" \/>\n<meta property=\"og:locale\" content=\"ca_ES\" \/>\n<meta property=\"og:type\" content=\"article\" \/>\n<meta property=\"og:title\" content=\"\u00c1tico en las Corts - PlasPla Vilesca Immobili\u00e0ria\" \/>\n<meta property=\"og:description\" content=\"En alquiler de larga estancia \u00e1tico en la calle Numancia. Este apartamento se encuentra en la pen\u00faltima planta de un edificio de 8 plantas. Podr\u00e1s disfrutar de la terraza todo el a\u00f1o, con buenas vistas y sol desde primera hora de la ma\u00f1ana hasta el final del d\u00eda. V\u00edvelo en pareja o soltero; tendr\u00e1s todo [&hellip;]\" \/>\n<meta property=\"og:url\" content=\"http:\/\/plaspla.es\/ca\/property\/atico-en-las-corts\/\" \/>\n<meta property=\"og:site_name\" content=\"PlasPla Vilesca Immobili\u00e0ria\" \/>\n<meta property=\"article:modified_time\" content=\"2026-03-30T16:54:46+00:00\" \/>\n<meta property=\"og:image\" content=\"http:\/\/plaspla.es\/wp-content\/uploads\/2023\/10\/Fotos-2023-Ref-607-6.jpg\" \/>\n\t<meta property=\"og:image:width\" content=\"1600\" \/>\n\t<meta property=\"og:image:height\" content=\"1200\" \/>\n\t<meta property=\"og:image:type\" content=\"image\/jpeg\" \/>\n<meta name=\"twitter:card\" content=\"summary_large_image\" \/>\n<meta name=\"twitter:label1\" content=\"Temps estimat de lectura\" \/>\n\t<meta name=\"twitter:data1\" content=\"1 minut\" \/>\n<script type=\"application\/ld+json\" class=\"yoast-schema-graph\">{\"@context\":\"https:\/\/schema.org\",\"@graph\":[{\"@type\":\"WebPage\",\"@id\":\"http:\/\/plaspla.es\/property\/atico-en-las-corts\/\",\"url\":\"http:\/\/plaspla.es\/property\/atico-en-las-corts\/\",\"name\":\"\u00c1tico en las Corts - PlasPla Vilesca Immobili\u00e0ria\",\"isPartOf\":{\"@id\":\"http:\/\/plaspla.es\/#website\"},\"datePublished\":\"2023-10-17T11:43:47+00:00\",\"dateModified\":\"2026-03-30T16:54:46+00:00\",\"breadcrumb\":{\"@id\":\"http:\/\/plaspla.es\/property\/atico-en-las-corts\/#breadcrumb\"},\"inLanguage\":\"ca\",\"potentialAction\":[{\"@type\":\"ReadAction\",\"target\":[\"http:\/\/plaspla.es\/property\/atico-en-las-corts\/\"]}]},{\"@type\":\"BreadcrumbList\",\"@id\":\"http:\/\/plaspla.es\/property\/atico-en-las-corts\/#breadcrumb\",\"itemListElement\":[{\"@type\":\"ListItem\",\"position\":1,\"name\":\"Portada\",\"item\":\"http:\/\/plaspla.es\/\"},{\"@type\":\"ListItem\",\"position\":2,\"name\":\"Properties\",\"item\":\"http:\/\/plaspla.es\/property\/\"},{\"@type\":\"ListItem\",\"position\":3,\"name\":\"\u00c1tico en las Corts\"}]},{\"@type\":\"WebSite\",\"@id\":\"http:\/\/plaspla.es\/#website\",\"url\":\"http:\/\/plaspla.es\/\",\"name\":\"PlasPla Vilesca Immobili\u00e0ria\",\"description\":\"Immobili\u00e0ria\",\"publisher\":{\"@id\":\"http:\/\/plaspla.es\/#organization\"},\"potentialAction\":[{\"@type\":\"SearchAction\",\"target\":{\"@type\":\"EntryPoint\",\"urlTemplate\":\"http:\/\/plaspla.es\/?s={search_term_string}\"},\"query-input\":\"required name=search_term_string\"}],\"inLanguage\":\"ca\"},{\"@type\":\"Organization\",\"@id\":\"http:\/\/plaspla.es\/#organization\",\"name\":\"PlasPla Vilesca Immobili\u00e0ria\",\"url\":\"http:\/\/plaspla.es\/\",\"logo\":{\"@type\":\"ImageObject\",\"inLanguage\":\"ca\",\"@id\":\"http:\/\/plaspla.es\/#\/schema\/logo\/image\/\",\"url\":\"http:\/\/plaspla.es\/wp-content\/uploads\/2023\/05\/plaspla-logo-2.png\",\"contentUrl\":\"http:\/\/plaspla.es\/wp-content\/uploads\/2023\/05\/plaspla-logo-2.png\",\"width\":693,\"height\":252,\"caption\":\"PlasPla Vilesca Immobili\u00e0ria\"},\"image\":{\"@id\":\"http:\/\/plaspla.es\/#\/schema\/logo\/image\/\"}}]}<\/script>\n<!-- \/ Yoast SEO plugin. -->","yoast_head_json":{"title":"\u00c1tico en las Corts - PlasPla Vilesca Immobili\u00e0ria","robots":{"index":"index","follow":"follow","max-snippet":"max-snippet:-1","max-image-preview":"max-image-preview:large","max-video-preview":"max-video-preview:-1"},"canonical":"http:\/\/plaspla.es\/ca\/property\/atico-en-las-corts\/","og_locale":"ca_ES","og_type":"article","og_title":"\u00c1tico en las Corts - PlasPla Vilesca Immobili\u00e0ria","og_description":"En alquiler de larga estancia \u00e1tico en la calle Numancia. Este apartamento se encuentra en la pen\u00faltima planta de un edificio de 8 plantas. Podr\u00e1s disfrutar de la terraza todo el a\u00f1o, con buenas vistas y sol desde primera hora de la ma\u00f1ana hasta el final del d\u00eda. V\u00edvelo en pareja o soltero; tendr\u00e1s todo [&hellip;]","og_url":"http:\/\/plaspla.es\/ca\/property\/atico-en-las-corts\/","og_site_name":"PlasPla Vilesca Immobili\u00e0ria","article_modified_time":"2026-03-30T16:54:46+00:00","og_image":[{"width":1600,"height":1200,"url":"http:\/\/plaspla.es\/wp-content\/uploads\/2023\/10\/Fotos-2023-Ref-607-6.jpg","type":"image\/jpeg"}],"twitter_card":"summary_large_image","twitter_misc":{"Temps estimat de lectura":"1 minut"},"schema":{"@context":"https:\/\/schema.org","@graph":[{"@type":"WebPage","@id":"http:\/\/plaspla.es\/property\/atico-en-las-corts\/","url":"http:\/\/plaspla.es\/property\/atico-en-las-corts\/","name":"\u00c1tico en las Corts - PlasPla Vilesca Immobili\u00e0ria","isPartOf":{"@id":"http:\/\/plaspla.es\/#website"},"datePublished":"2023-10-17T11:43:47+00:00","dateModified":"2026-03-30T16:54:46+00:00","breadcrumb":{"@id":"http:\/\/plaspla.es\/property\/atico-en-las-corts\/#breadcrumb"},"inLanguage":"ca","potentialAction":[{"@type":"ReadAction","target":["http:\/\/plaspla.es\/property\/atico-en-las-corts\/"]}]},{"@type":"BreadcrumbList","@id":"http:\/\/plaspla.es\/property\/atico-en-las-corts\/#breadcrumb","itemListElement":[{"@type":"ListItem","position":1,"name":"Portada","item":"http:\/\/plaspla.es\/"},{"@type":"ListItem","position":2,"name":"Properties","item":"http:\/\/plaspla.es\/property\/"},{"@type":"ListItem","position":3,"name":"\u00c1tico en las Corts"}]},{"@type":"WebSite","@id":"http:\/\/plaspla.es\/#website","url":"http:\/\/plaspla.es\/","name":"PlasPla Vilesca Immobili\u00e0ria","description":"Immobili\u00e0ria","publisher":{"@id":"http:\/\/plaspla.es\/#organization"},"potentialAction":[{"@type":"SearchAction","target":{"@type":"EntryPoint","urlTemplate":"http:\/\/plaspla.es\/?s={search_term_string}"},"query-input":"required name=search_term_string"}],"inLanguage":"ca"},{"@type":"Organization","@id":"http:\/\/plaspla.es\/#organization","name":"PlasPla Vilesca Immobili\u00e0ria","url":"http:\/\/plaspla.es\/","logo":{"@type":"ImageObject","inLanguage":"ca","@id":"http:\/\/plaspla.es\/#\/schema\/logo\/image\/","url":"http:\/\/plaspla.es\/wp-content\/uploads\/2023\/05\/plaspla-logo-2.png","contentUrl":"http:\/\/plaspla.es\/wp-content\/uploads\/2023\/05\/plaspla-logo-2.png","width":693,"height":252,"caption":"PlasPla Vilesca Immobili\u00e0ria"},"image":{"@id":"http:\/\/plaspla.es\/#\/schema\/logo\/image\/"}}]}},"_links":{"self":[{"href":"http:\/\/plaspla.es\/ca\/wp-json\/wp\/v2\/property\/3942"}],"collection":[{"href":"http:\/\/plaspla.es\/ca\/wp-json\/wp\/v2\/property"}],"about":[{"href":"http:\/\/plaspla.es\/ca\/wp-json\/wp\/v2\/types\/property"}],"replies":[{"embeddable":true,"href":"http:\/\/plaspla.es\/ca\/wp-json\/wp\/v2\/comments?post=3942"}],"wp:featuredmedia":[{"embeddable":true,"href":"http:\/\/plaspla.es\/ca\/wp-json\/wp\/v2\/media\/3954"}],"wp:attachment":[{"href":"http:\/\/plaspla.es\/ca\/wp-json\/wp\/v2\/media?parent=3942"}],"wp:term":[{"taxonomy":"property_type","embeddable":true,"href":"http:\/\/plaspla.es\/ca\/wp-json\/wp\/v2\/property_type?post=3942"},{"taxonomy":"property_location","embeddable":true,"href":"http:\/\/plaspla.es\/ca\/wp-json\/wp\/v2\/property_location?post=3942"},{"taxonomy":"property_status","embeddable":true,"href":"http:\/\/plaspla.es\/ca\/wp-json\/wp\/v2\/property_status?post=3942"},{"taxonomy":"property_label","embeddable":true,"href":"http:\/\/plaspla.es\/ca\/wp-json\/wp\/v2\/property_label?post=3942"},{"taxonomy":"property_amenity","embeddable":true,"href":"http:\/\/plaspla.es\/ca\/wp-json\/wp\/v2\/property_amenity?post=3942"},{"taxonomy":"property_material","embeddable":true,"href":"http:\/\/plaspla.es\/ca\/wp-json\/wp\/v2\/property_material?post=3942"}],"curies":[{"name":"wp","href":"https:\/\/api.w.org\/{rel}","templated":true}]}}

Ático en las Corts

<p>En alquiler de larga estancia ático en la calle Numancia.</p>
<p>Este apartamento se encuentra en la penúltima planta de un edificio de 8 plantas.</p>
<p>Podrás disfrutar de la terraza todo el año, con buenas vistas y sol desde primera hora de la mañana hasta el final del día.</p>
<p>Vívelo en pareja o soltero; tendrás todo lo que necesitas para muchos años.</p>
<p>Sin muebles para que lo puedas decorar a tu gusto.</p>
<p>Sin duda una muy buena opción en el barrio.</p>
<p>No dejes de ver este piso antes de decidir.</p>
<p>&nbsp;</p>
<p>&nbsp;</p>

<!-- This site is optimized with the Yoast SEO plugin v21.3 - https://yoast.com/wordpress/plugins/seo/ -->
<title>Ático en las Corts - PlasPla Vilesca Immobiliària</title>
<meta name="robots" content="index, follow, max-snippet:-1, max-image-preview:large, max-video-preview:-1" />
<link rel="canonical" href="http://plaspla.es/ca/property/atico-en-las-corts/" />
<meta property="og:locale" content="ca_ES" />
<meta property="og:type" content="article" />
<meta property="og:title" content="Ático en las Corts - PlasPla Vilesca Immobiliària" />
<meta property="og:description" content="En alquiler de larga estancia ático en la calle Numancia. Este apartamento se encuentra en la penúltima planta de un edificio de 8 plantas. Podrás disfrutar de la terraza todo el año, con buenas vistas y sol desde primera hora de la mañana hasta el final del día. Vívelo en pareja o soltero; tendrás todo [&hellip;]" />
<meta property="og:url" content="http://plaspla.es/ca/property/atico-en-las-corts/" />
<meta property="og:site_name" content="PlasPla Vilesca Immobiliària" />
<meta property="article:modified_time" content="2026-03-30T16:54:46+00:00" />
<meta property="og:image" content="http://plaspla.es/wp-content/uploads/2023/10/Fotos-2023-Ref-607-6.jpg" />
	<meta property="og:image:width" content="1600" />
	<meta property="og:image:height" content="1200" />
	<meta property="og:image:type" content="image/jpeg" />
<meta name="twitter:card" content="summary_large_image" />
<meta name="twitter:label1" content="Temps estimat de lectura" />
	<meta name="twitter:data1" content="1 minut" />
<script type="application/ld+json" class="yoast-schema-graph">{"@context":"https://schema.org","@graph":[{"@type":"WebPage","@id":"http://plaspla.es/property/atico-en-las-corts/","url":"http://plaspla.es/property/atico-en-las-corts/","name":"Ático en las Corts - PlasPla Vilesca Immobiliària","isPartOf":{"@id":"http://plaspla.es/#website"},"datePublished":"2023-10-17T11:43:47+00:00","dateModified":"2026-03-30T16:54:46+00:00","breadcrumb":{"@id":"http://plaspla.es/property/atico-en-las-corts/#breadcrumb"},"inLanguage":"ca","potentialAction":[{"@type":"ReadAction","target":["http://plaspla.es/property/atico-en-las-corts/"]}]},{"@type":"BreadcrumbList","@id":"http://plaspla.es/property/atico-en-las-corts/#breadcrumb","itemListElement":[{"@type":"ListItem","position":1,"name":"Portada","item":"http://plaspla.es/"},{"@type":"ListItem","position":2,"name":"Properties","item":"http://plaspla.es/property/"},{"@type":"ListItem","position":3,"name":"Ático en las Corts"}]},{"@type":"WebSite","@id":"http://plaspla.es/#website","url":"http://plaspla.es/","name":"PlasPla Vilesca Immobiliària","description":"Immobiliària","publisher":{"@id":"http://plaspla.es/#organization"},"potentialAction":[{"@type":"SearchAction","target":{"@type":"EntryPoint","urlTemplate":"http://plaspla.es/?s={search_term_string}"},"query-input":"required name=search_term_string"}],"inLanguage":"ca"},{"@type":"Organization","@id":"http://plaspla.es/#organization","name":"PlasPla Vilesca Immobiliària","url":"http://plaspla.es/","logo":{"@type":"ImageObject","inLanguage":"ca","@id":"http://plaspla.es/#/schema/logo/image/","url":"http://plaspla.es/wp-content/uploads/2023/05/plaspla-logo-2.png","contentUrl":"http://plaspla.es/wp-content/uploads/2023/05/plaspla-logo-2.png","width":693,"height":252,"caption":"PlasPla Vilesca Immobiliària"},"image":{"@id":"http://plaspla.es/#/schema/logo/image/"}}]}</script>
<!-- / Yoast SEO plugin. -->

Ático en las Corts - PlasPla Vilesca Immobiliària

En alquiler de larga estancia ático en la calle Numancia. Este apartamento se encuentra en la penúltima planta de un edificio de 8 plantas. Podrás disfrutar de la terraza todo el año, con buenas vistas y sol desde primera hora de la mañana hasta el final del día. Vívelo en pareja o soltero; tendrás todo [&hellip;]

PlasPla Vilesca Immobiliària

Immobiliària
