{"id":3928,"date":"2023-10-17T09:46:29","date_gmt":"2023-10-17T09:46:29","guid":{"rendered":"http:\/\/plaspla.es\/?post_type=property&#038;p=3928"},"modified":"2026-03-30T16:44:10","modified_gmt":"2026-03-30T16:44:10","slug":"local-en-el-barrio-de-las-corts","status":"publish","type":"property","link":"http:\/\/plaspla.es\/ca\/property\/local-en-el-barrio-de-las-corts\/","title":{"rendered":"Local en el Barrio de Las Corts"},"content":{"rendered":"<p>Local Bien situado las cercan\u00edas del nuevo Camp Nou.<\/p>\n<p>\u00faltima actividad comercial, Bar Restaurante actualmente sin licencia.<\/p>\n<p>Tiene una superficie de 55 m\u00b2 (53 m\u00b2 \u00fatiles). Hace 15 metros de fondo por 3,70 de ancho. Sala principal de 35 m\u00b2. Cocina de 7 m\u00b2. Lavabos de 4 m\u00b2. Patio interior de 5 m\u00b2. Aire acondicionado. Sistema de alarma. Suelo de gres. Fachada de 2,70 metros. A pie de calle. Cierre mediante persiana met\u00e1lica manual.<\/p>\n<p>Sin duda un buen lugar donde poner tu negocio.<\/p>\n<p>&nbsp;<\/p>\n","protected":false},"featured_media":3931,"comment_status":"closed","ping_status":"closed","template":"","property_type":[233],"property_location":[],"property_status":[],"property_label":[143],"property_amenity":[197,196],"property_material":[],"yoast_head":"<!-- This site is optimized with the Yoast SEO plugin v21.3 - https:\/\/yoast.com\/wordpress\/plugins\/seo\/ -->\n<title>Local en el Barrio de Las Corts - PlasPla Vilesca Immobili\u00e0ria<\/title>\n<meta name=\"robots\" content=\"index, follow, max-snippet:-1, max-image-preview:large, max-video-preview:-1\" \/>\n<link rel=\"canonical\" href=\"http:\/\/plaspla.es\/ca\/property\/local-en-el-barrio-de-las-corts\/\" \/>\n<meta property=\"og:locale\" content=\"ca_ES\" \/>\n<meta property=\"og:type\" content=\"article\" \/>\n<meta property=\"og:title\" content=\"Local en el Barrio de Las Corts - PlasPla Vilesca Immobili\u00e0ria\" \/>\n<meta property=\"og:description\" content=\"Local Bien situado las cercan\u00edas del nuevo Camp Nou. \u00faltima actividad comercial, Bar Restaurante actualmente sin licencia. Tiene una superficie de 55 m\u00b2 (53 m\u00b2 \u00fatiles). Hace 15 metros de fondo por 3,70 de ancho. Sala principal de 35 m\u00b2. Cocina de 7 m\u00b2. Lavabos de 4 m\u00b2. Patio interior de 5 m\u00b2. Aire acondicionado. [&hellip;]\" \/>\n<meta property=\"og:url\" content=\"http:\/\/plaspla.es\/ca\/property\/local-en-el-barrio-de-las-corts\/\" \/>\n<meta property=\"og:site_name\" content=\"PlasPla Vilesca Immobili\u00e0ria\" \/>\n<meta property=\"article:modified_time\" content=\"2026-03-30T16:44:10+00:00\" \/>\n<meta property=\"og:image\" content=\"http:\/\/plaspla.es\/wp-content\/uploads\/2023\/10\/Fotos-2023-3.jpg\" \/>\n\t<meta property=\"og:image:width\" content=\"1600\" \/>\n\t<meta property=\"og:image:height\" content=\"1200\" \/>\n\t<meta property=\"og:image:type\" content=\"image\/jpeg\" \/>\n<meta name=\"twitter:card\" content=\"summary_large_image\" \/>\n<meta name=\"twitter:label1\" content=\"Temps estimat de lectura\" \/>\n\t<meta name=\"twitter:data1\" content=\"1 minut\" \/>\n<script type=\"application\/ld+json\" class=\"yoast-schema-graph\">{\"@context\":\"https:\/\/schema.org\",\"@graph\":[{\"@type\":\"WebPage\",\"@id\":\"http:\/\/plaspla.es\/property\/local-en-el-barrio-de-las-corts\/\",\"url\":\"http:\/\/plaspla.es\/property\/local-en-el-barrio-de-las-corts\/\",\"name\":\"Local en el Barrio de Las Corts - PlasPla Vilesca Immobili\u00e0ria\",\"isPartOf\":{\"@id\":\"http:\/\/plaspla.es\/#website\"},\"datePublished\":\"2023-10-17T09:46:29+00:00\",\"dateModified\":\"2026-03-30T16:44:10+00:00\",\"breadcrumb\":{\"@id\":\"http:\/\/plaspla.es\/property\/local-en-el-barrio-de-las-corts\/#breadcrumb\"},\"inLanguage\":\"ca\",\"potentialAction\":[{\"@type\":\"ReadAction\",\"target\":[\"http:\/\/plaspla.es\/property\/local-en-el-barrio-de-las-corts\/\"]}]},{\"@type\":\"BreadcrumbList\",\"@id\":\"http:\/\/plaspla.es\/property\/local-en-el-barrio-de-las-corts\/#breadcrumb\",\"itemListElement\":[{\"@type\":\"ListItem\",\"position\":1,\"name\":\"Portada\",\"item\":\"http:\/\/plaspla.es\/\"},{\"@type\":\"ListItem\",\"position\":2,\"name\":\"Properties\",\"item\":\"http:\/\/plaspla.es\/property\/\"},{\"@type\":\"ListItem\",\"position\":3,\"name\":\"Local en el Barrio de Las Corts\"}]},{\"@type\":\"WebSite\",\"@id\":\"http:\/\/plaspla.es\/#website\",\"url\":\"http:\/\/plaspla.es\/\",\"name\":\"PlasPla Vilesca Immobili\u00e0ria\",\"description\":\"Immobili\u00e0ria\",\"publisher\":{\"@id\":\"http:\/\/plaspla.es\/#organization\"},\"potentialAction\":[{\"@type\":\"SearchAction\",\"target\":{\"@type\":\"EntryPoint\",\"urlTemplate\":\"http:\/\/plaspla.es\/?s={search_term_string}\"},\"query-input\":\"required name=search_term_string\"}],\"inLanguage\":\"ca\"},{\"@type\":\"Organization\",\"@id\":\"http:\/\/plaspla.es\/#organization\",\"name\":\"PlasPla Vilesca Immobili\u00e0ria\",\"url\":\"http:\/\/plaspla.es\/\",\"logo\":{\"@type\":\"ImageObject\",\"inLanguage\":\"ca\",\"@id\":\"http:\/\/plaspla.es\/#\/schema\/logo\/image\/\",\"url\":\"http:\/\/plaspla.es\/wp-content\/uploads\/2023\/05\/plaspla-logo-2.png\",\"contentUrl\":\"http:\/\/plaspla.es\/wp-content\/uploads\/2023\/05\/plaspla-logo-2.png\",\"width\":693,\"height\":252,\"caption\":\"PlasPla Vilesca Immobili\u00e0ria\"},\"image\":{\"@id\":\"http:\/\/plaspla.es\/#\/schema\/logo\/image\/\"}}]}<\/script>\n<!-- \/ Yoast SEO plugin. -->","yoast_head_json":{"title":"Local en el Barrio de Las Corts - PlasPla Vilesca Immobili\u00e0ria","robots":{"index":"index","follow":"follow","max-snippet":"max-snippet:-1","max-image-preview":"max-image-preview:large","max-video-preview":"max-video-preview:-1"},"canonical":"http:\/\/plaspla.es\/ca\/property\/local-en-el-barrio-de-las-corts\/","og_locale":"ca_ES","og_type":"article","og_title":"Local en el Barrio de Las Corts - PlasPla Vilesca Immobili\u00e0ria","og_description":"Local Bien situado las cercan\u00edas del nuevo Camp Nou. \u00faltima actividad comercial, Bar Restaurante actualmente sin licencia. Tiene una superficie de 55 m\u00b2 (53 m\u00b2 \u00fatiles). Hace 15 metros de fondo por 3,70 de ancho. Sala principal de 35 m\u00b2. Cocina de 7 m\u00b2. Lavabos de 4 m\u00b2. Patio interior de 5 m\u00b2. Aire acondicionado. [&hellip;]","og_url":"http:\/\/plaspla.es\/ca\/property\/local-en-el-barrio-de-las-corts\/","og_site_name":"PlasPla Vilesca Immobili\u00e0ria","article_modified_time":"2026-03-30T16:44:10+00:00","og_image":[{"width":1600,"height":1200,"url":"http:\/\/plaspla.es\/wp-content\/uploads\/2023\/10\/Fotos-2023-3.jpg","type":"image\/jpeg"}],"twitter_card":"summary_large_image","twitter_misc":{"Temps estimat de lectura":"1 minut"},"schema":{"@context":"https:\/\/schema.org","@graph":[{"@type":"WebPage","@id":"http:\/\/plaspla.es\/property\/local-en-el-barrio-de-las-corts\/","url":"http:\/\/plaspla.es\/property\/local-en-el-barrio-de-las-corts\/","name":"Local en el Barrio de Las Corts - PlasPla Vilesca Immobili\u00e0ria","isPartOf":{"@id":"http:\/\/plaspla.es\/#website"},"datePublished":"2023-10-17T09:46:29+00:00","dateModified":"2026-03-30T16:44:10+00:00","breadcrumb":{"@id":"http:\/\/plaspla.es\/property\/local-en-el-barrio-de-las-corts\/#breadcrumb"},"inLanguage":"ca","potentialAction":[{"@type":"ReadAction","target":["http:\/\/plaspla.es\/property\/local-en-el-barrio-de-las-corts\/"]}]},{"@type":"BreadcrumbList","@id":"http:\/\/plaspla.es\/property\/local-en-el-barrio-de-las-corts\/#breadcrumb","itemListElement":[{"@type":"ListItem","position":1,"name":"Portada","item":"http:\/\/plaspla.es\/"},{"@type":"ListItem","position":2,"name":"Properties","item":"http:\/\/plaspla.es\/property\/"},{"@type":"ListItem","position":3,"name":"Local en el Barrio de Las Corts"}]},{"@type":"WebSite","@id":"http:\/\/plaspla.es\/#website","url":"http:\/\/plaspla.es\/","name":"PlasPla Vilesca Immobili\u00e0ria","description":"Immobili\u00e0ria","publisher":{"@id":"http:\/\/plaspla.es\/#organization"},"potentialAction":[{"@type":"SearchAction","target":{"@type":"EntryPoint","urlTemplate":"http:\/\/plaspla.es\/?s={search_term_string}"},"query-input":"required name=search_term_string"}],"inLanguage":"ca"},{"@type":"Organization","@id":"http:\/\/plaspla.es\/#organization","name":"PlasPla Vilesca Immobili\u00e0ria","url":"http:\/\/plaspla.es\/","logo":{"@type":"ImageObject","inLanguage":"ca","@id":"http:\/\/plaspla.es\/#\/schema\/logo\/image\/","url":"http:\/\/plaspla.es\/wp-content\/uploads\/2023\/05\/plaspla-logo-2.png","contentUrl":"http:\/\/plaspla.es\/wp-content\/uploads\/2023\/05\/plaspla-logo-2.png","width":693,"height":252,"caption":"PlasPla Vilesca Immobili\u00e0ria"},"image":{"@id":"http:\/\/plaspla.es\/#\/schema\/logo\/image\/"}}]}},"_links":{"self":[{"href":"http:\/\/plaspla.es\/ca\/wp-json\/wp\/v2\/property\/3928"}],"collection":[{"href":"http:\/\/plaspla.es\/ca\/wp-json\/wp\/v2\/property"}],"about":[{"href":"http:\/\/plaspla.es\/ca\/wp-json\/wp\/v2\/types\/property"}],"replies":[{"embeddable":true,"href":"http:\/\/plaspla.es\/ca\/wp-json\/wp\/v2\/comments?post=3928"}],"wp:featuredmedia":[{"embeddable":true,"href":"http:\/\/plaspla.es\/ca\/wp-json\/wp\/v2\/media\/3931"}],"wp:attachment":[{"href":"http:\/\/plaspla.es\/ca\/wp-json\/wp\/v2\/media?parent=3928"}],"wp:term":[{"taxonomy":"property_type","embeddable":true,"href":"http:\/\/plaspla.es\/ca\/wp-json\/wp\/v2\/property_type?post=3928"},{"taxonomy":"property_location","embeddable":true,"href":"http:\/\/plaspla.es\/ca\/wp-json\/wp\/v2\/property_location?post=3928"},{"taxonomy":"property_status","embeddable":true,"href":"http:\/\/plaspla.es\/ca\/wp-json\/wp\/v2\/property_status?post=3928"},{"taxonomy":"property_label","embeddable":true,"href":"http:\/\/plaspla.es\/ca\/wp-json\/wp\/v2\/property_label?post=3928"},{"taxonomy":"property_amenity","embeddable":true,"href":"http:\/\/plaspla.es\/ca\/wp-json\/wp\/v2\/property_amenity?post=3928"},{"taxonomy":"property_material","embeddable":true,"href":"http:\/\/plaspla.es\/ca\/wp-json\/wp\/v2\/property_material?post=3928"}],"curies":[{"name":"wp","href":"https:\/\/api.w.org\/{rel}","templated":true}]}}

<p>Local Bien situado las cercanías del nuevo Camp Nou.</p>
<p>última actividad comercial, Bar Restaurante actualmente sin licencia.</p>
<p>Tiene una superficie de 55 m² (53 m² útiles). Hace 15 metros de fondo por 3,70 de ancho. Sala principal de 35 m². Cocina de 7 m². Lavabos de 4 m². Patio interior de 5 m². Aire acondicionado. Sistema de alarma. Suelo de gres. Fachada de 2,70 metros. A pie de calle. Cierre mediante persiana metálica manual.</p>
<p>Sin duda un buen lugar donde poner tu negocio.</p>
<p>&nbsp;</p>

<!-- This site is optimized with the Yoast SEO plugin v21.3 - https://yoast.com/wordpress/plugins/seo/ -->
<title>Local en el Barrio de Las Corts - PlasPla Vilesca Immobiliària</title>
<meta name="robots" content="index, follow, max-snippet:-1, max-image-preview:large, max-video-preview:-1" />
<link rel="canonical" href="http://plaspla.es/ca/property/local-en-el-barrio-de-las-corts/" />
<meta property="og:locale" content="ca_ES" />
<meta property="og:type" content="article" />
<meta property="og:title" content="Local en el Barrio de Las Corts - PlasPla Vilesca Immobiliària" />
<meta property="og:description" content="Local Bien situado las cercanías del nuevo Camp Nou. última actividad comercial, Bar Restaurante actualmente sin licencia. Tiene una superficie de 55 m² (53 m² útiles). Hace 15 metros de fondo por 3,70 de ancho. Sala principal de 35 m². Cocina de 7 m². Lavabos de 4 m². Patio interior de 5 m². Aire acondicionado. [&hellip;]" />
<meta property="og:url" content="http://plaspla.es/ca/property/local-en-el-barrio-de-las-corts/" />
<meta property="og:site_name" content="PlasPla Vilesca Immobiliària" />
<meta property="article:modified_time" content="2026-03-30T16:44:10+00:00" />
<meta property="og:image" content="http://plaspla.es/wp-content/uploads/2023/10/Fotos-2023-3.jpg" />
	<meta property="og:image:width" content="1600" />
	<meta property="og:image:height" content="1200" />
	<meta property="og:image:type" content="image/jpeg" />
<meta name="twitter:card" content="summary_large_image" />
<meta name="twitter:label1" content="Temps estimat de lectura" />
	<meta name="twitter:data1" content="1 minut" />
<script type="application/ld+json" class="yoast-schema-graph">{"@context":"https://schema.org","@graph":[{"@type":"WebPage","@id":"http://plaspla.es/property/local-en-el-barrio-de-las-corts/","url":"http://plaspla.es/property/local-en-el-barrio-de-las-corts/","name":"Local en el Barrio de Las Corts - PlasPla Vilesca Immobiliària","isPartOf":{"@id":"http://plaspla.es/#website"},"datePublished":"2023-10-17T09:46:29+00:00","dateModified":"2026-03-30T16:44:10+00:00","breadcrumb":{"@id":"http://plaspla.es/property/local-en-el-barrio-de-las-corts/#breadcrumb"},"inLanguage":"ca","potentialAction":[{"@type":"ReadAction","target":["http://plaspla.es/property/local-en-el-barrio-de-las-corts/"]}]},{"@type":"BreadcrumbList","@id":"http://plaspla.es/property/local-en-el-barrio-de-las-corts/#breadcrumb","itemListElement":[{"@type":"ListItem","position":1,"name":"Portada","item":"http://plaspla.es/"},{"@type":"ListItem","position":2,"name":"Properties","item":"http://plaspla.es/property/"},{"@type":"ListItem","position":3,"name":"Local en el Barrio de Las Corts"}]},{"@type":"WebSite","@id":"http://plaspla.es/#website","url":"http://plaspla.es/","name":"PlasPla Vilesca Immobiliària","description":"Immobiliària","publisher":{"@id":"http://plaspla.es/#organization"},"potentialAction":[{"@type":"SearchAction","target":{"@type":"EntryPoint","urlTemplate":"http://plaspla.es/?s={search_term_string}"},"query-input":"required name=search_term_string"}],"inLanguage":"ca"},{"@type":"Organization","@id":"http://plaspla.es/#organization","name":"PlasPla Vilesca Immobiliària","url":"http://plaspla.es/","logo":{"@type":"ImageObject","inLanguage":"ca","@id":"http://plaspla.es/#/schema/logo/image/","url":"http://plaspla.es/wp-content/uploads/2023/05/plaspla-logo-2.png","contentUrl":"http://plaspla.es/wp-content/uploads/2023/05/plaspla-logo-2.png","width":693,"height":252,"caption":"PlasPla Vilesca Immobiliària"},"image":{"@id":"http://plaspla.es/#/schema/logo/image/"}}]}</script>
<!-- / Yoast SEO plugin. -->

Local en el Barrio de Las Corts - PlasPla Vilesca Immobiliària

Local Bien situado las cercanías del nuevo Camp Nou. última actividad comercial, Bar Restaurante actualmente sin licencia. Tiene una superficie de 55 m² (53 m² útiles). Hace 15 metros de fondo por 3,70 de ancho. Sala principal de 35 m². Cocina de 7 m². Lavabos de 4 m². Patio interior de 5 m². Aire acondicionado. [&hellip;]

PlasPla Vilesca Immobiliària

Immobiliària
