{"id":3670,"date":"2023-07-11T15:30:13","date_gmt":"2023-07-11T15:30:13","guid":{"rendered":"http:\/\/plaspla.es\/?post_type=property&#038;p=3670"},"modified":"2026-03-30T16:53:44","modified_gmt":"2026-03-30T16:53:44","slug":"barcelona-centro-sants","status":"publish","type":"property","link":"http:\/\/plaspla.es\/ca\/property\/barcelona-centro-sants\/","title":{"rendered":"Barcelona Centro Sants"},"content":{"rendered":"<div class=\"_178zopn\">\n<div class=\"_178zopn\">\n<div class=\"_178zopn\">\n<div class=\"_178zopn\">\n<div class=\"_178zopn\">\n<div><span class=\"ll4r2nl dir dir-ltr\">Apartamento elegante tranquilo y c\u00e9ntrico en el coraz\u00f3n del casco antiguo del Barrio de Sants<br \/>\nLa zona es tranquila y segura sin tr\u00e1fico de coches ni ruidos<br \/>\nTanto si bienes por trabajo, estudios o vacaciones, sin duda es un buen lugar para tu estancia y conocer la ciudad de Barcelona<br \/>\nEsta muy bien comunicado con el aeropuerto (30 minutos) y el tren AVE (5 minutos a pie)<br \/>\nPara tus compras tienes todo tipo de tiendas solo salir de casa y la calle con m\u00e1s comercios de Barcelona a 100 metros.<\/span><\/div>\n<\/div>\n<div class=\"_178zopn\">\n<div class=\"_pgfqnw\">\n<h4 style=\"text-align: left;\"><a href=\"https:\/\/www.airbnb.es\/rooms\/848328707086833335\"><img decoding=\"async\" loading=\"lazy\" class=\"alignnone wp-image-3906\" src=\"http:\/\/plaspla.es\/wp-content\/uploads\/2023\/07\/Boton-disponibilidad-300x143.png\" alt=\"\" width=\"150\" height=\"72\" srcset=\"http:\/\/plaspla.es\/wp-content\/uploads\/2023\/07\/Boton-disponibilidad-300x143.png 300w, http:\/\/plaspla.es\/wp-content\/uploads\/2023\/07\/Boton-disponibilidad-1024x489.png 1024w, http:\/\/plaspla.es\/wp-content\/uploads\/2023\/07\/Boton-disponibilidad-768x367.png 768w, http:\/\/plaspla.es\/wp-content\/uploads\/2023\/07\/Boton-disponibilidad-1536x733.png 1536w, http:\/\/plaspla.es\/wp-content\/uploads\/2023\/07\/Boton-disponibilidad-2048x978.png 2048w, http:\/\/plaspla.es\/wp-content\/uploads\/2023\/07\/Boton-disponibilidad-18x9.png 18w, http:\/\/plaspla.es\/wp-content\/uploads\/2023\/07\/Boton-disponibilidad-600x286.png 600w\" sizes=\"(max-width: 150px) 100vw, 150px\" \/><\/a><\/h4>\n<p>&nbsp;<\/p>\n<h4 class=\"hpipapi dir dir-ltr\" tabindex=\"-1\">El espacio<\/h4>\n<\/div>\n<p><span class=\"ll4r2nl dir dir-ltr\">El apartamento es amplio y con los espacios muy bien aprovechados.<br \/>\nTienes escritorios para trabajar en cada una de las habitaciones con la posibilidad de conectarte a la red de fibra \u00f3ptica por ethernet o WiFi.<\/span><\/p>\n<\/div>\n<div class=\"_178zopn\">\n<div>\n<div class=\"_pgfqnw\">\n<h4 class=\"hpipapi dir dir-ltr\" tabindex=\"-1\">Servicios y zonas comunes<\/h4>\n<\/div>\n<p><span class=\"ll4r2nl dir dir-ltr\">El apartamento no se comparte, todo el espacio es de uso exclusivo y privado.<\/span><\/p>\n<\/div>\n<\/div>\n<div class=\"_178zopn\">\n<div>\n<div class=\"_pgfqnw\">\n<h4 class=\"hpipapi dir dir-ltr\" tabindex=\"-1\">Otros aspectos destacables<\/h4>\n<\/div>\n<p><span class=\"ll4r2nl dir dir-ltr\">Apartamento sin ascensor<\/span><\/p>\n<\/div>\n<\/div>\n<div class=\"_178zopn\">\n<div class=\"_pgfqnw\"><\/div>\n<\/div>\n<\/div>\n<\/div>\n<\/div>\n<\/div>\n<div class=\"_ud8a1c\">\n<div class=\"_50mnu4\">\n<div class=\"_9ns6hl\">\n<div class=\"_50mnu4\">\n<div class=\"_9ns6hl\">\n<div class=\"_50mnu4\">\n<div class=\"_9ns6hl\">\n<div class=\"_50mnu4\">\n<div class=\"_9ns6hl\">\n<div class=\"_50mnu4\">\n<div class=\"_9ns6hl\">\n<div class=\"_50mnu4\">\n<div class=\"_9ns6hl\">\n<div class=\"_50mnu4\">\n<div class=\"_9ns6hl\">\n<h3 class=\"hpipapi dir dir-ltr\" tabindex=\"-1\"><\/h3>\n<\/div>\n<div><\/div>\n<\/div>\n<\/div>\n<\/div>\n<\/div>\n<\/div>\n<\/div>\n<\/div>\n<\/div>\n<\/div>\n<\/div>\n<\/div>\n<\/div>\n<\/div>\n<\/div>\n","protected":false},"featured_media":3668,"comment_status":"closed","ping_status":"closed","template":"","property_type":[98],"property_location":[],"property_status":[],"property_label":[140],"property_amenity":[172,177,196,181,215,189,202,203,230,212,185,199,174,213,122,227,150,217,129,220,139,232,186,218,175,178,179,207,200,176,191,188,226,231,180,216,204,168,192,229],"property_material":[],"yoast_head":"<!-- This site is optimized with the Yoast SEO plugin v21.3 - https:\/\/yoast.com\/wordpress\/plugins\/seo\/ -->\n<title>Barcelona Centro Sants - PlasPla Vilesca Immobili\u00e0ria<\/title>\n<meta name=\"robots\" content=\"index, follow, max-snippet:-1, max-image-preview:large, max-video-preview:-1\" \/>\n<link rel=\"canonical\" href=\"http:\/\/plaspla.es\/ca\/property\/barcelona-centro-sants\/\" \/>\n<meta property=\"og:locale\" content=\"ca_ES\" \/>\n<meta property=\"og:type\" content=\"article\" \/>\n<meta property=\"og:title\" content=\"Barcelona Centro Sants - PlasPla Vilesca Immobili\u00e0ria\" \/>\n<meta property=\"og:description\" content=\"Apartamento elegante tranquilo y c\u00e9ntrico en el coraz\u00f3n del casco antiguo del Barrio de Sants La zona es tranquila y segura sin tr\u00e1fico de coches ni ruidos Tanto si bienes por trabajo, estudios o vacaciones, sin duda es un buen lugar para tu estancia y conocer la ciudad de Barcelona Esta muy bien comunicado con [&hellip;]\" \/>\n<meta property=\"og:url\" content=\"http:\/\/plaspla.es\/ca\/property\/barcelona-centro-sants\/\" \/>\n<meta property=\"og:site_name\" content=\"PlasPla Vilesca Immobili\u00e0ria\" \/>\n<meta property=\"article:modified_time\" content=\"2026-03-30T16:53:44+00:00\" \/>\n<meta property=\"og:image\" content=\"http:\/\/plaspla.es\/wp-content\/uploads\/2023\/07\/e533b399-3b04-45d7-9dcc-13b3c42b7fa2.jpeg\" \/>\n\t<meta property=\"og:image:width\" content=\"720\" \/>\n\t<meta property=\"og:image:height\" content=\"509\" \/>\n\t<meta property=\"og:image:type\" content=\"image\/jpeg\" \/>\n<meta name=\"twitter:card\" content=\"summary_large_image\" \/>\n<meta name=\"twitter:label1\" content=\"Temps estimat de lectura\" \/>\n\t<meta name=\"twitter:data1\" content=\"1 minut\" \/>\n<script type=\"application\/ld+json\" class=\"yoast-schema-graph\">{\"@context\":\"https:\/\/schema.org\",\"@graph\":[{\"@type\":\"WebPage\",\"@id\":\"http:\/\/plaspla.es\/property\/barcelona-centro-sants\/\",\"url\":\"http:\/\/plaspla.es\/property\/barcelona-centro-sants\/\",\"name\":\"Barcelona Centro Sants - PlasPla Vilesca Immobili\u00e0ria\",\"isPartOf\":{\"@id\":\"http:\/\/plaspla.es\/#website\"},\"datePublished\":\"2023-07-11T15:30:13+00:00\",\"dateModified\":\"2026-03-30T16:53:44+00:00\",\"breadcrumb\":{\"@id\":\"http:\/\/plaspla.es\/property\/barcelona-centro-sants\/#breadcrumb\"},\"inLanguage\":\"ca\",\"potentialAction\":[{\"@type\":\"ReadAction\",\"target\":[\"http:\/\/plaspla.es\/property\/barcelona-centro-sants\/\"]}]},{\"@type\":\"BreadcrumbList\",\"@id\":\"http:\/\/plaspla.es\/property\/barcelona-centro-sants\/#breadcrumb\",\"itemListElement\":[{\"@type\":\"ListItem\",\"position\":1,\"name\":\"Portada\",\"item\":\"http:\/\/plaspla.es\/\"},{\"@type\":\"ListItem\",\"position\":2,\"name\":\"Properties\",\"item\":\"http:\/\/plaspla.es\/property\/\"},{\"@type\":\"ListItem\",\"position\":3,\"name\":\"Barcelona Centro Sants\"}]},{\"@type\":\"WebSite\",\"@id\":\"http:\/\/plaspla.es\/#website\",\"url\":\"http:\/\/plaspla.es\/\",\"name\":\"PlasPla Vilesca Immobili\u00e0ria\",\"description\":\"Immobili\u00e0ria\",\"publisher\":{\"@id\":\"http:\/\/plaspla.es\/#organization\"},\"potentialAction\":[{\"@type\":\"SearchAction\",\"target\":{\"@type\":\"EntryPoint\",\"urlTemplate\":\"http:\/\/plaspla.es\/?s={search_term_string}\"},\"query-input\":\"required name=search_term_string\"}],\"inLanguage\":\"ca\"},{\"@type\":\"Organization\",\"@id\":\"http:\/\/plaspla.es\/#organization\",\"name\":\"PlasPla Vilesca Immobili\u00e0ria\",\"url\":\"http:\/\/plaspla.es\/\",\"logo\":{\"@type\":\"ImageObject\",\"inLanguage\":\"ca\",\"@id\":\"http:\/\/plaspla.es\/#\/schema\/logo\/image\/\",\"url\":\"http:\/\/plaspla.es\/wp-content\/uploads\/2023\/05\/plaspla-logo-2.png\",\"contentUrl\":\"http:\/\/plaspla.es\/wp-content\/uploads\/2023\/05\/plaspla-logo-2.png\",\"width\":693,\"height\":252,\"caption\":\"PlasPla Vilesca Immobili\u00e0ria\"},\"image\":{\"@id\":\"http:\/\/plaspla.es\/#\/schema\/logo\/image\/\"}}]}<\/script>\n<!-- \/ Yoast SEO plugin. -->","yoast_head_json":{"title":"Barcelona Centro Sants - PlasPla Vilesca Immobili\u00e0ria","robots":{"index":"index","follow":"follow","max-snippet":"max-snippet:-1","max-image-preview":"max-image-preview:large","max-video-preview":"max-video-preview:-1"},"canonical":"http:\/\/plaspla.es\/ca\/property\/barcelona-centro-sants\/","og_locale":"ca_ES","og_type":"article","og_title":"Barcelona Centro Sants - PlasPla Vilesca Immobili\u00e0ria","og_description":"Apartamento elegante tranquilo y c\u00e9ntrico en el coraz\u00f3n del casco antiguo del Barrio de Sants La zona es tranquila y segura sin tr\u00e1fico de coches ni ruidos Tanto si bienes por trabajo, estudios o vacaciones, sin duda es un buen lugar para tu estancia y conocer la ciudad de Barcelona Esta muy bien comunicado con [&hellip;]","og_url":"http:\/\/plaspla.es\/ca\/property\/barcelona-centro-sants\/","og_site_name":"PlasPla Vilesca Immobili\u00e0ria","article_modified_time":"2026-03-30T16:53:44+00:00","og_image":[{"width":720,"height":509,"url":"http:\/\/plaspla.es\/wp-content\/uploads\/2023\/07\/e533b399-3b04-45d7-9dcc-13b3c42b7fa2.jpeg","type":"image\/jpeg"}],"twitter_card":"summary_large_image","twitter_misc":{"Temps estimat de lectura":"1 minut"},"schema":{"@context":"https:\/\/schema.org","@graph":[{"@type":"WebPage","@id":"http:\/\/plaspla.es\/property\/barcelona-centro-sants\/","url":"http:\/\/plaspla.es\/property\/barcelona-centro-sants\/","name":"Barcelona Centro Sants - PlasPla Vilesca Immobili\u00e0ria","isPartOf":{"@id":"http:\/\/plaspla.es\/#website"},"datePublished":"2023-07-11T15:30:13+00:00","dateModified":"2026-03-30T16:53:44+00:00","breadcrumb":{"@id":"http:\/\/plaspla.es\/property\/barcelona-centro-sants\/#breadcrumb"},"inLanguage":"ca","potentialAction":[{"@type":"ReadAction","target":["http:\/\/plaspla.es\/property\/barcelona-centro-sants\/"]}]},{"@type":"BreadcrumbList","@id":"http:\/\/plaspla.es\/property\/barcelona-centro-sants\/#breadcrumb","itemListElement":[{"@type":"ListItem","position":1,"name":"Portada","item":"http:\/\/plaspla.es\/"},{"@type":"ListItem","position":2,"name":"Properties","item":"http:\/\/plaspla.es\/property\/"},{"@type":"ListItem","position":3,"name":"Barcelona Centro Sants"}]},{"@type":"WebSite","@id":"http:\/\/plaspla.es\/#website","url":"http:\/\/plaspla.es\/","name":"PlasPla Vilesca Immobili\u00e0ria","description":"Immobili\u00e0ria","publisher":{"@id":"http:\/\/plaspla.es\/#organization"},"potentialAction":[{"@type":"SearchAction","target":{"@type":"EntryPoint","urlTemplate":"http:\/\/plaspla.es\/?s={search_term_string}"},"query-input":"required name=search_term_string"}],"inLanguage":"ca"},{"@type":"Organization","@id":"http:\/\/plaspla.es\/#organization","name":"PlasPla Vilesca Immobili\u00e0ria","url":"http:\/\/plaspla.es\/","logo":{"@type":"ImageObject","inLanguage":"ca","@id":"http:\/\/plaspla.es\/#\/schema\/logo\/image\/","url":"http:\/\/plaspla.es\/wp-content\/uploads\/2023\/05\/plaspla-logo-2.png","contentUrl":"http:\/\/plaspla.es\/wp-content\/uploads\/2023\/05\/plaspla-logo-2.png","width":693,"height":252,"caption":"PlasPla Vilesca Immobili\u00e0ria"},"image":{"@id":"http:\/\/plaspla.es\/#\/schema\/logo\/image\/"}}]}},"_links":{"self":[{"href":"http:\/\/plaspla.es\/ca\/wp-json\/wp\/v2\/property\/3670"}],"collection":[{"href":"http:\/\/plaspla.es\/ca\/wp-json\/wp\/v2\/property"}],"about":[{"href":"http:\/\/plaspla.es\/ca\/wp-json\/wp\/v2\/types\/property"}],"replies":[{"embeddable":true,"href":"http:\/\/plaspla.es\/ca\/wp-json\/wp\/v2\/comments?post=3670"}],"wp:featuredmedia":[{"embeddable":true,"href":"http:\/\/plaspla.es\/ca\/wp-json\/wp\/v2\/media\/3668"}],"wp:attachment":[{"href":"http:\/\/plaspla.es\/ca\/wp-json\/wp\/v2\/media?parent=3670"}],"wp:term":[{"taxonomy":"property_type","embeddable":true,"href":"http:\/\/plaspla.es\/ca\/wp-json\/wp\/v2\/property_type?post=3670"},{"taxonomy":"property_location","embeddable":true,"href":"http:\/\/plaspla.es\/ca\/wp-json\/wp\/v2\/property_location?post=3670"},{"taxonomy":"property_status","embeddable":true,"href":"http:\/\/plaspla.es\/ca\/wp-json\/wp\/v2\/property_status?post=3670"},{"taxonomy":"property_label","embeddable":true,"href":"http:\/\/plaspla.es\/ca\/wp-json\/wp\/v2\/property_label?post=3670"},{"taxonomy":"property_amenity","embeddable":true,"href":"http:\/\/plaspla.es\/ca\/wp-json\/wp\/v2\/property_amenity?post=3670"},{"taxonomy":"property_material","embeddable":true,"href":"http:\/\/plaspla.es\/ca\/wp-json\/wp\/v2\/property_material?post=3670"}],"curies":[{"name":"wp","href":"https:\/\/api.w.org\/{rel}","templated":true}]}}

<div class="_178zopn">
<div class="_178zopn">
<div class="_178zopn">
<div class="_178zopn">
<div class="_178zopn">
<div><span class="ll4r2nl dir dir-ltr">Apartamento elegante tranquilo y céntrico en el corazón del casco antiguo del Barrio de Sants<br />
La zona es tranquila y segura sin tráfico de coches ni ruidos<br />
Tanto si bienes por trabajo, estudios o vacaciones, sin duda es un buen lugar para tu estancia y conocer la ciudad de Barcelona<br />
Esta muy bien comunicado con el aeropuerto (30 minutos) y el tren AVE (5 minutos a pie)<br />
Para tus compras tienes todo tipo de tiendas solo salir de casa y la calle con más comercios de Barcelona a 100 metros.</span></div>
</div>
<div class="_178zopn">
<div class="_pgfqnw">
<h4 style="text-align: left;"><a href="https://www.airbnb.es/rooms/848328707086833335"><img decoding="async" loading="lazy" class="alignnone wp-image-3906" src="http://plaspla.es/wp-content/uploads/2023/07/Boton-disponibilidad-300x143.png" alt="" width="150" height="72" srcset="http://plaspla.es/wp-content/uploads/2023/07/Boton-disponibilidad-300x143.png 300w, http://plaspla.es/wp-content/uploads/2023/07/Boton-disponibilidad-1024x489.png 1024w, http://plaspla.es/wp-content/uploads/2023/07/Boton-disponibilidad-768x367.png 768w, http://plaspla.es/wp-content/uploads/2023/07/Boton-disponibilidad-1536x733.png 1536w, http://plaspla.es/wp-content/uploads/2023/07/Boton-disponibilidad-2048x978.png 2048w, http://plaspla.es/wp-content/uploads/2023/07/Boton-disponibilidad-18x9.png 18w, http://plaspla.es/wp-content/uploads/2023/07/Boton-disponibilidad-600x286.png 600w" sizes="(max-width: 150px) 100vw, 150px" /></a></h4>
<p>&nbsp;</p>
<h4 class="hpipapi dir dir-ltr" tabindex="-1">El espacio</h4>
</div>
<p><span class="ll4r2nl dir dir-ltr">El apartamento es amplio y con los espacios muy bien aprovechados.<br />
Tienes escritorios para trabajar en cada una de las habitaciones con la posibilidad de conectarte a la red de fibra óptica por ethernet o WiFi.</span></p>
</div>
<div class="_178zopn">
<div>
<div class="_pgfqnw">
<h4 class="hpipapi dir dir-ltr" tabindex="-1">Servicios y zonas comunes</h4>
</div>
<p><span class="ll4r2nl dir dir-ltr">El apartamento no se comparte, todo el espacio es de uso exclusivo y privado.</span></p>
</div>
</div>
<div class="_178zopn">
<div>
<div class="_pgfqnw">
<h4 class="hpipapi dir dir-ltr" tabindex="-1">Otros aspectos destacables</h4>
</div>
<p><span class="ll4r2nl dir dir-ltr">Apartamento sin ascensor</span></p>
</div>
</div>
<div class="_178zopn">
<div class="_pgfqnw"></div>
</div>
</div>
</div>
</div>
</div>
<div class="_ud8a1c">
<div class="_50mnu4">
<div class="_9ns6hl">
<div class="_50mnu4">
<div class="_9ns6hl">
<div class="_50mnu4">
<div class="_9ns6hl">
<div class="_50mnu4">
<div class="_9ns6hl">
<div class="_50mnu4">
<div class="_9ns6hl">
<div class="_50mnu4">
<div class="_9ns6hl">
<div class="_50mnu4">
<div class="_9ns6hl">
<h3 class="hpipapi dir dir-ltr" tabindex="-1"></h3>
</div>
<div></div>
</div>
</div>
</div>
</div>
</div>
</div>
</div>
</div>
</div>
</div>
</div>
</div>
</div>
</div>

<!-- This site is optimized with the Yoast SEO plugin v21.3 - https://yoast.com/wordpress/plugins/seo/ -->
<title>Barcelona Centro Sants - PlasPla Vilesca Immobiliària</title>
<meta name="robots" content="index, follow, max-snippet:-1, max-image-preview:large, max-video-preview:-1" />
<link rel="canonical" href="http://plaspla.es/ca/property/barcelona-centro-sants/" />
<meta property="og:locale" content="ca_ES" />
<meta property="og:type" content="article" />
<meta property="og:title" content="Barcelona Centro Sants - PlasPla Vilesca Immobiliària" />
<meta property="og:description" content="Apartamento elegante tranquilo y céntrico en el corazón del casco antiguo del Barrio de Sants La zona es tranquila y segura sin tráfico de coches ni ruidos Tanto si bienes por trabajo, estudios o vacaciones, sin duda es un buen lugar para tu estancia y conocer la ciudad de Barcelona Esta muy bien comunicado con [&hellip;]" />
<meta property="og:url" content="http://plaspla.es/ca/property/barcelona-centro-sants/" />
<meta property="og:site_name" content="PlasPla Vilesca Immobiliària" />
<meta property="article:modified_time" content="2026-03-30T16:53:44+00:00" />
<meta property="og:image" content="http://plaspla.es/wp-content/uploads/2023/07/e533b399-3b04-45d7-9dcc-13b3c42b7fa2.jpeg" />
	<meta property="og:image:width" content="720" />
	<meta property="og:image:height" content="509" />
	<meta property="og:image:type" content="image/jpeg" />
<meta name="twitter:card" content="summary_large_image" />
<meta name="twitter:label1" content="Temps estimat de lectura" />
	<meta name="twitter:data1" content="1 minut" />
<script type="application/ld+json" class="yoast-schema-graph">{"@context":"https://schema.org","@graph":[{"@type":"WebPage","@id":"http://plaspla.es/property/barcelona-centro-sants/","url":"http://plaspla.es/property/barcelona-centro-sants/","name":"Barcelona Centro Sants - PlasPla Vilesca Immobiliària","isPartOf":{"@id":"http://plaspla.es/#website"},"datePublished":"2023-07-11T15:30:13+00:00","dateModified":"2026-03-30T16:53:44+00:00","breadcrumb":{"@id":"http://plaspla.es/property/barcelona-centro-sants/#breadcrumb"},"inLanguage":"ca","potentialAction":[{"@type":"ReadAction","target":["http://plaspla.es/property/barcelona-centro-sants/"]}]},{"@type":"BreadcrumbList","@id":"http://plaspla.es/property/barcelona-centro-sants/#breadcrumb","itemListElement":[{"@type":"ListItem","position":1,"name":"Portada","item":"http://plaspla.es/"},{"@type":"ListItem","position":2,"name":"Properties","item":"http://plaspla.es/property/"},{"@type":"ListItem","position":3,"name":"Barcelona Centro Sants"}]},{"@type":"WebSite","@id":"http://plaspla.es/#website","url":"http://plaspla.es/","name":"PlasPla Vilesca Immobiliària","description":"Immobiliària","publisher":{"@id":"http://plaspla.es/#organization"},"potentialAction":[{"@type":"SearchAction","target":{"@type":"EntryPoint","urlTemplate":"http://plaspla.es/?s={search_term_string}"},"query-input":"required name=search_term_string"}],"inLanguage":"ca"},{"@type":"Organization","@id":"http://plaspla.es/#organization","name":"PlasPla Vilesca Immobiliària","url":"http://plaspla.es/","logo":{"@type":"ImageObject","inLanguage":"ca","@id":"http://plaspla.es/#/schema/logo/image/","url":"http://plaspla.es/wp-content/uploads/2023/05/plaspla-logo-2.png","contentUrl":"http://plaspla.es/wp-content/uploads/2023/05/plaspla-logo-2.png","width":693,"height":252,"caption":"PlasPla Vilesca Immobiliària"},"image":{"@id":"http://plaspla.es/#/schema/logo/image/"}}]}</script>
<!-- / Yoast SEO plugin. -->

Barcelona Centro Sants - PlasPla Vilesca Immobiliària

Apartamento elegante tranquilo y céntrico en el corazón del casco antiguo del Barrio de Sants La zona es tranquila y segura sin tráfico de coches ni ruidos Tanto si bienes por trabajo, estudios o vacaciones, sin duda es un buen lugar para tu estancia y conocer la ciudad de Barcelona Esta muy bien comunicado con [&hellip;]

PlasPla Vilesca Immobiliària

Immobiliària
