{"id":3648,"date":"2023-07-11T11:55:47","date_gmt":"2023-07-11T11:55:47","guid":{"rendered":"http:\/\/plaspla.es\/?post_type=property&#038;p=3648"},"modified":"2026-03-30T16:50:18","modified_gmt":"2026-03-30T16:50:18","slug":"en-el-centro-de-barcelona-barrio-de-sants","status":"publish","type":"property","link":"http:\/\/plaspla.es\/ca\/property\/en-el-centro-de-barcelona-barrio-de-sants\/","title":{"rendered":"En el centro de Barcelona Barrio de Sants"},"content":{"rendered":"<div class=\"_178zopn\">\n<div class=\"_178zopn\">\n<div class=\"_178zopn\">\n<div class=\"_178zopn\">\n<div class=\"_178zopn\">\n<div><span class=\"ll4r2nl dir dir-ltr\">En el centro, apartamento de temporada reformado en enero del 2019, conservando aspectos hist\u00f3ricos de la \u00e9poca combinado con dise\u00f1o actual y funcional.<\/span><\/div>\n<\/div>\n<\/div>\n<div>\n<h4 style=\"text-align: left;\"><a href=\"https:\/\/www.airbnb.es\/rooms\/29850255\" target=\"_blank\" rel=\"noopener\"><img decoding=\"async\" loading=\"lazy\" class=\"alignnone wp-image-3906\" src=\"http:\/\/plaspla.es\/wp-content\/uploads\/2023\/07\/Boton-disponibilidad-300x143.png\" alt=\"\" width=\"150\" height=\"72\" srcset=\"http:\/\/plaspla.es\/wp-content\/uploads\/2023\/07\/Boton-disponibilidad-300x143.png 300w, http:\/\/plaspla.es\/wp-content\/uploads\/2023\/07\/Boton-disponibilidad-1024x489.png 1024w, http:\/\/plaspla.es\/wp-content\/uploads\/2023\/07\/Boton-disponibilidad-768x367.png 768w, http:\/\/plaspla.es\/wp-content\/uploads\/2023\/07\/Boton-disponibilidad-1536x733.png 1536w, http:\/\/plaspla.es\/wp-content\/uploads\/2023\/07\/Boton-disponibilidad-2048x978.png 2048w, http:\/\/plaspla.es\/wp-content\/uploads\/2023\/07\/Boton-disponibilidad-18x9.png 18w, http:\/\/plaspla.es\/wp-content\/uploads\/2023\/07\/Boton-disponibilidad-600x286.png 600w\" sizes=\"(max-width: 150px) 100vw, 150px\" \/><\/a><\/h4>\n<\/div>\n<div class=\"_178zopn\">\n<div class=\"_178zopn\">\n<div>\n<div class=\"_pgfqnw\">\n<h4 class=\"hpipapi dir dir-ltr\" tabindex=\"-1\">El espacio<\/h4>\n<\/div>\n<p><span class=\"ll4r2nl dir dir-ltr\">Espacios amplios en todas sus estancias.<\/span><\/p>\n<\/div>\n<\/div>\n<div class=\"_178zopn\">\n<div>\n<div class=\"_pgfqnw\">\n<h4 class=\"hpipapi dir dir-ltr\" tabindex=\"-1\">Otros aspectos destacables<\/h4>\n<\/div>\n<p><span class=\"ll4r2nl dir dir-ltr\">El apartamento no se comparte.<br \/>\nCheck in de 12h a 20h<br \/>\nCheck out de 8h a 11h<br \/>\nCheck in y check out flexible si la siguiente reserva lo permite.<br \/>\nEl check in despu\u00e9s de las 20h o en fin de semana tiene un recargo de 50\u20ac<br \/>\nEl precio de la reserva es sin impuestos, si el hu\u00e9sped esta sujeto a iva la factura se emitir\u00e1 con el precio de la reserva + iva. El porcentaje de iva ser\u00e1 el aplicable en el territorio en cada momento.<br \/>\nLos suministros no estan incluidos, para ello se tomar\u00e1 la lectura de entrada y salida para hacer el calculo.<br \/>\nGastos aproximado para dos personas luz y agua 2,80\u20ac \/ dia<br \/>\nSuministramos toallas y sabanas sin cargo adicional.<br \/>\nEl apartamento viene equipado con lo necesario para su estancia.<br \/>\nNo se suministra productos de limpieza ni de cocina.<\/span><\/p>\n<\/div>\n<\/div>\n<\/div>\n<\/div>\n<\/div>\n<\/div>\n<div class=\"_ud8a1c\">\n<div class=\"_50mnu4\">\n<div class=\"_9ns6hl\">\n<div class=\"_50mnu4\">\n<div class=\"_9ns6hl\">\n<div class=\"_50mnu4\">\n<div class=\"_9ns6hl\">\n<div class=\"_50mnu4\">\n<div class=\"_9ns6hl\">\n<div class=\"_50mnu4\">\n<div class=\"_9ns6hl\">\n<div class=\"_50mnu4\">\n<div class=\"_9ns6hl\">\n<div class=\"_50mnu4\">\n<div><\/div>\n<\/div>\n<\/div>\n<\/div>\n<\/div>\n<\/div>\n<\/div>\n<\/div>\n<\/div>\n<\/div>\n<\/div>\n<\/div>\n<\/div>\n<\/div>\n<\/div>\n","protected":false},"featured_media":3644,"comment_status":"closed","ping_status":"closed","template":"","property_type":[98],"property_location":[],"property_status":[],"property_label":[140],"property_amenity":[172,177,197,196,181,224,189,202,203,212,185,199,174,214,213,122,227,150,217,129,139,186,218,175,178,207,200,176,223,191,188,201,216,204,168,228,192,229],"property_material":[],"yoast_head":"<!-- This site is optimized with the Yoast SEO plugin v21.3 - https:\/\/yoast.com\/wordpress\/plugins\/seo\/ -->\n<title>En el centro de Barcelona Barrio de Sants - PlasPla Vilesca Immobili\u00e0ria<\/title>\n<meta name=\"robots\" content=\"index, follow, max-snippet:-1, max-image-preview:large, max-video-preview:-1\" \/>\n<link rel=\"canonical\" href=\"http:\/\/plaspla.es\/ca\/property\/en-el-centro-de-barcelona-barrio-de-sants\/\" \/>\n<meta property=\"og:locale\" content=\"ca_ES\" \/>\n<meta property=\"og:type\" content=\"article\" \/>\n<meta property=\"og:title\" content=\"En el centro de Barcelona Barrio de Sants - PlasPla Vilesca Immobili\u00e0ria\" \/>\n<meta property=\"og:description\" content=\"En el centro, apartamento de temporada reformado en enero del 2019, conservando aspectos hist\u00f3ricos de la \u00e9poca combinado con dise\u00f1o actual y funcional. El espacio Espacios amplios en todas sus estancias. Otros aspectos destacables El apartamento no se comparte. Check in de 12h a 20h Check out de 8h a 11h Check in y check [&hellip;]\" \/>\n<meta property=\"og:url\" content=\"http:\/\/plaspla.es\/ca\/property\/en-el-centro-de-barcelona-barrio-de-sants\/\" \/>\n<meta property=\"og:site_name\" content=\"PlasPla Vilesca Immobili\u00e0ria\" \/>\n<meta property=\"article:modified_time\" content=\"2026-03-30T16:50:18+00:00\" \/>\n<meta property=\"og:image\" content=\"http:\/\/plaspla.es\/wp-content\/uploads\/2023\/07\/9f05be2e-e9e9-47a2-b0b7-118214bf5e0a.jpg\" \/>\n\t<meta property=\"og:image:width\" content=\"1200\" \/>\n\t<meta property=\"og:image:height\" content=\"799\" \/>\n\t<meta property=\"og:image:type\" content=\"image\/jpeg\" \/>\n<meta name=\"twitter:card\" content=\"summary_large_image\" \/>\n<meta name=\"twitter:label1\" content=\"Temps estimat de lectura\" \/>\n\t<meta name=\"twitter:data1\" content=\"2 minuts\" \/>\n<script type=\"application\/ld+json\" class=\"yoast-schema-graph\">{\"@context\":\"https:\/\/schema.org\",\"@graph\":[{\"@type\":\"WebPage\",\"@id\":\"http:\/\/plaspla.es\/property\/en-el-centro-de-barcelona-barrio-de-sants\/\",\"url\":\"http:\/\/plaspla.es\/property\/en-el-centro-de-barcelona-barrio-de-sants\/\",\"name\":\"En el centro de Barcelona Barrio de Sants - PlasPla Vilesca Immobili\u00e0ria\",\"isPartOf\":{\"@id\":\"http:\/\/plaspla.es\/#website\"},\"datePublished\":\"2023-07-11T11:55:47+00:00\",\"dateModified\":\"2026-03-30T16:50:18+00:00\",\"breadcrumb\":{\"@id\":\"http:\/\/plaspla.es\/property\/en-el-centro-de-barcelona-barrio-de-sants\/#breadcrumb\"},\"inLanguage\":\"ca\",\"potentialAction\":[{\"@type\":\"ReadAction\",\"target\":[\"http:\/\/plaspla.es\/property\/en-el-centro-de-barcelona-barrio-de-sants\/\"]}]},{\"@type\":\"BreadcrumbList\",\"@id\":\"http:\/\/plaspla.es\/property\/en-el-centro-de-barcelona-barrio-de-sants\/#breadcrumb\",\"itemListElement\":[{\"@type\":\"ListItem\",\"position\":1,\"name\":\"Portada\",\"item\":\"http:\/\/plaspla.es\/\"},{\"@type\":\"ListItem\",\"position\":2,\"name\":\"Properties\",\"item\":\"http:\/\/plaspla.es\/property\/\"},{\"@type\":\"ListItem\",\"position\":3,\"name\":\"En el centro de Barcelona Barrio de Sants\"}]},{\"@type\":\"WebSite\",\"@id\":\"http:\/\/plaspla.es\/#website\",\"url\":\"http:\/\/plaspla.es\/\",\"name\":\"PlasPla Vilesca Immobili\u00e0ria\",\"description\":\"Immobili\u00e0ria\",\"publisher\":{\"@id\":\"http:\/\/plaspla.es\/#organization\"},\"potentialAction\":[{\"@type\":\"SearchAction\",\"target\":{\"@type\":\"EntryPoint\",\"urlTemplate\":\"http:\/\/plaspla.es\/?s={search_term_string}\"},\"query-input\":\"required name=search_term_string\"}],\"inLanguage\":\"ca\"},{\"@type\":\"Organization\",\"@id\":\"http:\/\/plaspla.es\/#organization\",\"name\":\"PlasPla Vilesca Immobili\u00e0ria\",\"url\":\"http:\/\/plaspla.es\/\",\"logo\":{\"@type\":\"ImageObject\",\"inLanguage\":\"ca\",\"@id\":\"http:\/\/plaspla.es\/#\/schema\/logo\/image\/\",\"url\":\"http:\/\/plaspla.es\/wp-content\/uploads\/2023\/05\/plaspla-logo-2.png\",\"contentUrl\":\"http:\/\/plaspla.es\/wp-content\/uploads\/2023\/05\/plaspla-logo-2.png\",\"width\":693,\"height\":252,\"caption\":\"PlasPla Vilesca Immobili\u00e0ria\"},\"image\":{\"@id\":\"http:\/\/plaspla.es\/#\/schema\/logo\/image\/\"}}]}<\/script>\n<!-- \/ Yoast SEO plugin. -->","yoast_head_json":{"title":"En el centro de Barcelona Barrio de Sants - PlasPla Vilesca Immobili\u00e0ria","robots":{"index":"index","follow":"follow","max-snippet":"max-snippet:-1","max-image-preview":"max-image-preview:large","max-video-preview":"max-video-preview:-1"},"canonical":"http:\/\/plaspla.es\/ca\/property\/en-el-centro-de-barcelona-barrio-de-sants\/","og_locale":"ca_ES","og_type":"article","og_title":"En el centro de Barcelona Barrio de Sants - PlasPla Vilesca Immobili\u00e0ria","og_description":"En el centro, apartamento de temporada reformado en enero del 2019, conservando aspectos hist\u00f3ricos de la \u00e9poca combinado con dise\u00f1o actual y funcional. El espacio Espacios amplios en todas sus estancias. Otros aspectos destacables El apartamento no se comparte. Check in de 12h a 20h Check out de 8h a 11h Check in y check [&hellip;]","og_url":"http:\/\/plaspla.es\/ca\/property\/en-el-centro-de-barcelona-barrio-de-sants\/","og_site_name":"PlasPla Vilesca Immobili\u00e0ria","article_modified_time":"2026-03-30T16:50:18+00:00","og_image":[{"width":1200,"height":799,"url":"http:\/\/plaspla.es\/wp-content\/uploads\/2023\/07\/9f05be2e-e9e9-47a2-b0b7-118214bf5e0a.jpg","type":"image\/jpeg"}],"twitter_card":"summary_large_image","twitter_misc":{"Temps estimat de lectura":"2 minuts"},"schema":{"@context":"https:\/\/schema.org","@graph":[{"@type":"WebPage","@id":"http:\/\/plaspla.es\/property\/en-el-centro-de-barcelona-barrio-de-sants\/","url":"http:\/\/plaspla.es\/property\/en-el-centro-de-barcelona-barrio-de-sants\/","name":"En el centro de Barcelona Barrio de Sants - PlasPla Vilesca Immobili\u00e0ria","isPartOf":{"@id":"http:\/\/plaspla.es\/#website"},"datePublished":"2023-07-11T11:55:47+00:00","dateModified":"2026-03-30T16:50:18+00:00","breadcrumb":{"@id":"http:\/\/plaspla.es\/property\/en-el-centro-de-barcelona-barrio-de-sants\/#breadcrumb"},"inLanguage":"ca","potentialAction":[{"@type":"ReadAction","target":["http:\/\/plaspla.es\/property\/en-el-centro-de-barcelona-barrio-de-sants\/"]}]},{"@type":"BreadcrumbList","@id":"http:\/\/plaspla.es\/property\/en-el-centro-de-barcelona-barrio-de-sants\/#breadcrumb","itemListElement":[{"@type":"ListItem","position":1,"name":"Portada","item":"http:\/\/plaspla.es\/"},{"@type":"ListItem","position":2,"name":"Properties","item":"http:\/\/plaspla.es\/property\/"},{"@type":"ListItem","position":3,"name":"En el centro de Barcelona Barrio de Sants"}]},{"@type":"WebSite","@id":"http:\/\/plaspla.es\/#website","url":"http:\/\/plaspla.es\/","name":"PlasPla Vilesca Immobili\u00e0ria","description":"Immobili\u00e0ria","publisher":{"@id":"http:\/\/plaspla.es\/#organization"},"potentialAction":[{"@type":"SearchAction","target":{"@type":"EntryPoint","urlTemplate":"http:\/\/plaspla.es\/?s={search_term_string}"},"query-input":"required name=search_term_string"}],"inLanguage":"ca"},{"@type":"Organization","@id":"http:\/\/plaspla.es\/#organization","name":"PlasPla Vilesca Immobili\u00e0ria","url":"http:\/\/plaspla.es\/","logo":{"@type":"ImageObject","inLanguage":"ca","@id":"http:\/\/plaspla.es\/#\/schema\/logo\/image\/","url":"http:\/\/plaspla.es\/wp-content\/uploads\/2023\/05\/plaspla-logo-2.png","contentUrl":"http:\/\/plaspla.es\/wp-content\/uploads\/2023\/05\/plaspla-logo-2.png","width":693,"height":252,"caption":"PlasPla Vilesca Immobili\u00e0ria"},"image":{"@id":"http:\/\/plaspla.es\/#\/schema\/logo\/image\/"}}]}},"_links":{"self":[{"href":"http:\/\/plaspla.es\/ca\/wp-json\/wp\/v2\/property\/3648"}],"collection":[{"href":"http:\/\/plaspla.es\/ca\/wp-json\/wp\/v2\/property"}],"about":[{"href":"http:\/\/plaspla.es\/ca\/wp-json\/wp\/v2\/types\/property"}],"replies":[{"embeddable":true,"href":"http:\/\/plaspla.es\/ca\/wp-json\/wp\/v2\/comments?post=3648"}],"wp:featuredmedia":[{"embeddable":true,"href":"http:\/\/plaspla.es\/ca\/wp-json\/wp\/v2\/media\/3644"}],"wp:attachment":[{"href":"http:\/\/plaspla.es\/ca\/wp-json\/wp\/v2\/media?parent=3648"}],"wp:term":[{"taxonomy":"property_type","embeddable":true,"href":"http:\/\/plaspla.es\/ca\/wp-json\/wp\/v2\/property_type?post=3648"},{"taxonomy":"property_location","embeddable":true,"href":"http:\/\/plaspla.es\/ca\/wp-json\/wp\/v2\/property_location?post=3648"},{"taxonomy":"property_status","embeddable":true,"href":"http:\/\/plaspla.es\/ca\/wp-json\/wp\/v2\/property_status?post=3648"},{"taxonomy":"property_label","embeddable":true,"href":"http:\/\/plaspla.es\/ca\/wp-json\/wp\/v2\/property_label?post=3648"},{"taxonomy":"property_amenity","embeddable":true,"href":"http:\/\/plaspla.es\/ca\/wp-json\/wp\/v2\/property_amenity?post=3648"},{"taxonomy":"property_material","embeddable":true,"href":"http:\/\/plaspla.es\/ca\/wp-json\/wp\/v2\/property_material?post=3648"}],"curies":[{"name":"wp","href":"https:\/\/api.w.org\/{rel}","templated":true}]}}

<div class="_178zopn">
<div class="_178zopn">
<div class="_178zopn">
<div class="_178zopn">
<div class="_178zopn">
<div><span class="ll4r2nl dir dir-ltr">En el centro, apartamento de temporada reformado en enero del 2019, conservando aspectos históricos de la época combinado con diseño actual y funcional.</span></div>
</div>
</div>
<div>
<h4 style="text-align: left;"><a href="https://www.airbnb.es/rooms/29850255" target="_blank" rel="noopener"><img decoding="async" loading="lazy" class="alignnone wp-image-3906" src="http://plaspla.es/wp-content/uploads/2023/07/Boton-disponibilidad-300x143.png" alt="" width="150" height="72" srcset="http://plaspla.es/wp-content/uploads/2023/07/Boton-disponibilidad-300x143.png 300w, http://plaspla.es/wp-content/uploads/2023/07/Boton-disponibilidad-1024x489.png 1024w, http://plaspla.es/wp-content/uploads/2023/07/Boton-disponibilidad-768x367.png 768w, http://plaspla.es/wp-content/uploads/2023/07/Boton-disponibilidad-1536x733.png 1536w, http://plaspla.es/wp-content/uploads/2023/07/Boton-disponibilidad-2048x978.png 2048w, http://plaspla.es/wp-content/uploads/2023/07/Boton-disponibilidad-18x9.png 18w, http://plaspla.es/wp-content/uploads/2023/07/Boton-disponibilidad-600x286.png 600w" sizes="(max-width: 150px) 100vw, 150px" /></a></h4>
</div>
<div class="_178zopn">
<div class="_178zopn">
<div>
<div class="_pgfqnw">
<h4 class="hpipapi dir dir-ltr" tabindex="-1">El espacio</h4>
</div>
<p><span class="ll4r2nl dir dir-ltr">Espacios amplios en todas sus estancias.</span></p>
</div>
</div>
<div class="_178zopn">
<div>
<div class="_pgfqnw">
<h4 class="hpipapi dir dir-ltr" tabindex="-1">Otros aspectos destacables</h4>
</div>
<p><span class="ll4r2nl dir dir-ltr">El apartamento no se comparte.<br />
Check in de 12h a 20h<br />
Check out de 8h a 11h<br />
Check in y check out flexible si la siguiente reserva lo permite.<br />
El check in después de las 20h o en fin de semana tiene un recargo de 50€<br />
El precio de la reserva es sin impuestos, si el huésped esta sujeto a iva la factura se emitirá con el precio de la reserva + iva. El porcentaje de iva será el aplicable en el territorio en cada momento.<br />
Los suministros no estan incluidos, para ello se tomará la lectura de entrada y salida para hacer el calculo.<br />
Gastos aproximado para dos personas luz y agua 2,80€ / dia<br />
Suministramos toallas y sabanas sin cargo adicional.<br />
El apartamento viene equipado con lo necesario para su estancia.<br />
No se suministra productos de limpieza ni de cocina.</span></p>
</div>
</div>
</div>
</div>
</div>
</div>
<div class="_ud8a1c">
<div class="_50mnu4">
<div class="_9ns6hl">
<div class="_50mnu4">
<div class="_9ns6hl">
<div class="_50mnu4">
<div class="_9ns6hl">
<div class="_50mnu4">
<div class="_9ns6hl">
<div class="_50mnu4">
<div class="_9ns6hl">
<div class="_50mnu4">
<div class="_9ns6hl">
<div class="_50mnu4">
<div></div>
</div>
</div>
</div>
</div>
</div>
</div>
</div>
</div>
</div>
</div>
</div>
</div>
</div>
</div>

<!-- This site is optimized with the Yoast SEO plugin v21.3 - https://yoast.com/wordpress/plugins/seo/ -->
<title>En el centro de Barcelona Barrio de Sants - PlasPla Vilesca Immobiliària</title>
<meta name="robots" content="index, follow, max-snippet:-1, max-image-preview:large, max-video-preview:-1" />
<link rel="canonical" href="http://plaspla.es/ca/property/en-el-centro-de-barcelona-barrio-de-sants/" />
<meta property="og:locale" content="ca_ES" />
<meta property="og:type" content="article" />
<meta property="og:title" content="En el centro de Barcelona Barrio de Sants - PlasPla Vilesca Immobiliària" />
<meta property="og:description" content="En el centro, apartamento de temporada reformado en enero del 2019, conservando aspectos históricos de la época combinado con diseño actual y funcional. El espacio Espacios amplios en todas sus estancias. Otros aspectos destacables El apartamento no se comparte. Check in de 12h a 20h Check out de 8h a 11h Check in y check [&hellip;]" />
<meta property="og:url" content="http://plaspla.es/ca/property/en-el-centro-de-barcelona-barrio-de-sants/" />
<meta property="og:site_name" content="PlasPla Vilesca Immobiliària" />
<meta property="article:modified_time" content="2026-03-30T16:50:18+00:00" />
<meta property="og:image" content="http://plaspla.es/wp-content/uploads/2023/07/9f05be2e-e9e9-47a2-b0b7-118214bf5e0a.jpg" />
	<meta property="og:image:width" content="1200" />
	<meta property="og:image:height" content="799" />
	<meta property="og:image:type" content="image/jpeg" />
<meta name="twitter:card" content="summary_large_image" />
<meta name="twitter:label1" content="Temps estimat de lectura" />
	<meta name="twitter:data1" content="2 minuts" />
<script type="application/ld+json" class="yoast-schema-graph">{"@context":"https://schema.org","@graph":[{"@type":"WebPage","@id":"http://plaspla.es/property/en-el-centro-de-barcelona-barrio-de-sants/","url":"http://plaspla.es/property/en-el-centro-de-barcelona-barrio-de-sants/","name":"En el centro de Barcelona Barrio de Sants - PlasPla Vilesca Immobiliària","isPartOf":{"@id":"http://plaspla.es/#website"},"datePublished":"2023-07-11T11:55:47+00:00","dateModified":"2026-03-30T16:50:18+00:00","breadcrumb":{"@id":"http://plaspla.es/property/en-el-centro-de-barcelona-barrio-de-sants/#breadcrumb"},"inLanguage":"ca","potentialAction":[{"@type":"ReadAction","target":["http://plaspla.es/property/en-el-centro-de-barcelona-barrio-de-sants/"]}]},{"@type":"BreadcrumbList","@id":"http://plaspla.es/property/en-el-centro-de-barcelona-barrio-de-sants/#breadcrumb","itemListElement":[{"@type":"ListItem","position":1,"name":"Portada","item":"http://plaspla.es/"},{"@type":"ListItem","position":2,"name":"Properties","item":"http://plaspla.es/property/"},{"@type":"ListItem","position":3,"name":"En el centro de Barcelona Barrio de Sants"}]},{"@type":"WebSite","@id":"http://plaspla.es/#website","url":"http://plaspla.es/","name":"PlasPla Vilesca Immobiliària","description":"Immobiliària","publisher":{"@id":"http://plaspla.es/#organization"},"potentialAction":[{"@type":"SearchAction","target":{"@type":"EntryPoint","urlTemplate":"http://plaspla.es/?s={search_term_string}"},"query-input":"required name=search_term_string"}],"inLanguage":"ca"},{"@type":"Organization","@id":"http://plaspla.es/#organization","name":"PlasPla Vilesca Immobiliària","url":"http://plaspla.es/","logo":{"@type":"ImageObject","inLanguage":"ca","@id":"http://plaspla.es/#/schema/logo/image/","url":"http://plaspla.es/wp-content/uploads/2023/05/plaspla-logo-2.png","contentUrl":"http://plaspla.es/wp-content/uploads/2023/05/plaspla-logo-2.png","width":693,"height":252,"caption":"PlasPla Vilesca Immobiliària"},"image":{"@id":"http://plaspla.es/#/schema/logo/image/"}}]}</script>
<!-- / Yoast SEO plugin. -->

En el centro de Barcelona Barrio de Sants - PlasPla Vilesca Immobiliària

En el centro, apartamento de temporada reformado en enero del 2019, conservando aspectos históricos de la época combinado con diseño actual y funcional. El espacio Espacios amplios en todas sus estancias. Otros aspectos destacables El apartamento no se comparte. Check in de 12h a 20h Check out de 8h a 11h Check in y check [&hellip;]

PlasPla Vilesca Immobiliària

Immobiliària
