{"id":3581,"date":"2023-07-11T08:46:00","date_gmt":"2023-07-11T08:46:00","guid":{"rendered":"http:\/\/plaspla.es\/?post_type=property&#038;p=3581"},"modified":"2026-03-30T16:51:52","modified_gmt":"2026-03-30T16:51:52","slug":"barcelona-centro-buena-ubicacion-sants","status":"publish","type":"property","link":"http:\/\/plaspla.es\/ca\/property\/barcelona-centro-buena-ubicacion-sants\/","title":{"rendered":"Barcelona Centro. Buena Ubicaci\u00f3n. Sants"},"content":{"rendered":"<div class=\"_178zopn\">\n<div class=\"_178zopn\">\n<div class=\"_178zopn\">\n<p><span class=\"ll4r2nl dir dir-ltr\">Amplio, c\u00f3modo y pr\u00e1ctico as\u00ed dise\u00f1amos este precioso apartamento en el casco antiguo del barrio de Sants.<\/span><\/p>\n<h4 style=\"text-align: left;\"><a href=\"https:\/\/www.airbnb.es\/rooms\/1821064\"><img decoding=\"async\" loading=\"lazy\" class=\"alignnone wp-image-3906\" src=\"http:\/\/plaspla.es\/wp-content\/uploads\/2023\/07\/Boton-disponibilidad-300x143.png\" alt=\"\" width=\"150\" height=\"72\" srcset=\"http:\/\/plaspla.es\/wp-content\/uploads\/2023\/07\/Boton-disponibilidad-300x143.png 300w, http:\/\/plaspla.es\/wp-content\/uploads\/2023\/07\/Boton-disponibilidad-1024x489.png 1024w, http:\/\/plaspla.es\/wp-content\/uploads\/2023\/07\/Boton-disponibilidad-768x367.png 768w, http:\/\/plaspla.es\/wp-content\/uploads\/2023\/07\/Boton-disponibilidad-1536x733.png 1536w, http:\/\/plaspla.es\/wp-content\/uploads\/2023\/07\/Boton-disponibilidad-2048x978.png 2048w, http:\/\/plaspla.es\/wp-content\/uploads\/2023\/07\/Boton-disponibilidad-18x9.png 18w, http:\/\/plaspla.es\/wp-content\/uploads\/2023\/07\/Boton-disponibilidad-600x286.png 600w\" sizes=\"(max-width: 150px) 100vw, 150px\" \/><\/a><\/h4>\n<\/div>\n<div class=\"_178zopn\">\n<div>\n<div class=\"_pgfqnw\">\n<h4 class=\"hpipapi dir dir-ltr\" tabindex=\"-1\">Servicios y zonas comunes<\/h4>\n<\/div>\n<p><span class=\"ll4r2nl dir dir-ltr\">El apartamento es de uso exclusivo de nuestros hu\u00e9spedes, no se comparte con nadie.<\/span><\/p>\n<\/div>\n<\/div>\n<div class=\"_178zopn\">\n<div>\n<div class=\"_pgfqnw\">\n<h4 class=\"hpipapi dir dir-ltr\" tabindex=\"-1\">Otros aspectos destacables<\/h4>\n<\/div>\n<p><span class=\"ll4r2nl dir dir-ltr\">Nuestro apartamento cumple con todos los requisitos legales\u00a0 que se exige en Barcelona para apartamentos de estancias inferiores a un mes.<br \/>\nDispone de licencia tur\u00edstica seguro y tel\u00e9fono de contacto 24h para incidencias de cualquier tipo.<br \/>\nEl precio de la reserva es sin impuestos, si el hu\u00e9sped est\u00e1 sujeto a iva la factura se emitir\u00e1 con el precio de la reserva + iva. El porcentaje de iva ser\u00e1 el aplicable en el territorio en cada momento.<br \/>\nSuministramos toallas y s\u00e1banas sin cargo adicional.<br \/>\nEl apartamento viene equipado con lo necesario para su estancia.<br \/>\nNo se suministra productos de limpieza ni de cocina.<\/span><\/p>\n<\/div>\n<\/div>\n<div class=\"_178zopn\">\n<div>\n<div class=\"_pgfqnw\">\n<h4 class=\"hpipapi dir dir-ltr\" tabindex=\"-1\">N\u00famero de licencia<\/h4>\n<\/div>\n<p><span class=\"ll4r2nl dir dir-ltr\">HUTB-007797<\/span><\/p>\n<\/div>\n<\/div>\n<\/div>\n<\/div>\n<div class=\"_ud8a1c\">\n<div class=\"_50mnu4\">\n<div class=\"_9ns6hl\">\n<div class=\"_50mnu4\">\n<div class=\"_9ns6hl\">\n<div class=\"_50mnu4\">\n<div class=\"_9ns6hl\">\n<div class=\"_50mnu4\">\n<div>\n<div><\/div>\n<\/div>\n<\/div>\n<\/div>\n<\/div>\n<\/div>\n<\/div>\n<\/div>\n<\/div>\n<\/div>\n","protected":false},"featured_media":3596,"comment_status":"closed","ping_status":"closed","template":"","property_type":[98],"property_location":[],"property_status":[],"property_label":[140],"property_amenity":[172,189,203,185,174,122,139,186,218,175,179,207,200,191,188,183,168,169,192,193],"property_material":[],"yoast_head":"<!-- This site is optimized with the Yoast SEO plugin v21.3 - https:\/\/yoast.com\/wordpress\/plugins\/seo\/ -->\n<title>Barcelona Centro. Buena Ubicaci\u00f3n. Sants - PlasPla Vilesca Immobili\u00e0ria<\/title>\n<meta name=\"robots\" content=\"index, follow, max-snippet:-1, max-image-preview:large, max-video-preview:-1\" \/>\n<link rel=\"canonical\" href=\"http:\/\/plaspla.es\/ca\/property\/barcelona-centro-buena-ubicacion-sants\/\" \/>\n<meta property=\"og:locale\" content=\"ca_ES\" \/>\n<meta property=\"og:type\" content=\"article\" \/>\n<meta property=\"og:title\" content=\"Barcelona Centro. Buena Ubicaci\u00f3n. Sants - PlasPla Vilesca Immobili\u00e0ria\" \/>\n<meta property=\"og:description\" content=\"Amplio, c\u00f3modo y pr\u00e1ctico as\u00ed dise\u00f1amos este precioso apartamento en el casco antiguo del barrio de Sants. Servicios y zonas comunes El apartamento es de uso exclusivo de nuestros hu\u00e9spedes, no se comparte con nadie. Otros aspectos destacables Nuestro apartamento cumple con todos los requisitos legales\u00a0 que se exige en Barcelona para apartamentos de estancias [&hellip;]\" \/>\n<meta property=\"og:url\" content=\"http:\/\/plaspla.es\/ca\/property\/barcelona-centro-buena-ubicacion-sants\/\" \/>\n<meta property=\"og:site_name\" content=\"PlasPla Vilesca Immobili\u00e0ria\" \/>\n<meta property=\"article:modified_time\" content=\"2026-03-30T16:51:52+00:00\" \/>\n<meta property=\"og:image\" content=\"http:\/\/plaspla.es\/wp-content\/uploads\/2023\/07\/40584171_original-1-scaled.jpg\" \/>\n\t<meta property=\"og:image:width\" content=\"2560\" \/>\n\t<meta property=\"og:image:height\" content=\"1706\" \/>\n\t<meta property=\"og:image:type\" content=\"image\/jpeg\" \/>\n<meta name=\"twitter:card\" content=\"summary_large_image\" \/>\n<meta name=\"twitter:label1\" content=\"Temps estimat de lectura\" \/>\n\t<meta name=\"twitter:data1\" content=\"1 minut\" \/>\n<script type=\"application\/ld+json\" class=\"yoast-schema-graph\">{\"@context\":\"https:\/\/schema.org\",\"@graph\":[{\"@type\":\"WebPage\",\"@id\":\"http:\/\/plaspla.es\/property\/barcelona-centro-buena-ubicacion-sants\/\",\"url\":\"http:\/\/plaspla.es\/property\/barcelona-centro-buena-ubicacion-sants\/\",\"name\":\"Barcelona Centro. Buena Ubicaci\u00f3n. Sants - PlasPla Vilesca Immobili\u00e0ria\",\"isPartOf\":{\"@id\":\"http:\/\/plaspla.es\/#website\"},\"datePublished\":\"2023-07-11T08:46:00+00:00\",\"dateModified\":\"2026-03-30T16:51:52+00:00\",\"breadcrumb\":{\"@id\":\"http:\/\/plaspla.es\/property\/barcelona-centro-buena-ubicacion-sants\/#breadcrumb\"},\"inLanguage\":\"ca\",\"potentialAction\":[{\"@type\":\"ReadAction\",\"target\":[\"http:\/\/plaspla.es\/property\/barcelona-centro-buena-ubicacion-sants\/\"]}]},{\"@type\":\"BreadcrumbList\",\"@id\":\"http:\/\/plaspla.es\/property\/barcelona-centro-buena-ubicacion-sants\/#breadcrumb\",\"itemListElement\":[{\"@type\":\"ListItem\",\"position\":1,\"name\":\"Portada\",\"item\":\"http:\/\/plaspla.es\/\"},{\"@type\":\"ListItem\",\"position\":2,\"name\":\"Properties\",\"item\":\"http:\/\/plaspla.es\/property\/\"},{\"@type\":\"ListItem\",\"position\":3,\"name\":\"Barcelona Centro. Buena Ubicaci\u00f3n. Sants\"}]},{\"@type\":\"WebSite\",\"@id\":\"http:\/\/plaspla.es\/#website\",\"url\":\"http:\/\/plaspla.es\/\",\"name\":\"PlasPla Vilesca Immobili\u00e0ria\",\"description\":\"Immobili\u00e0ria\",\"publisher\":{\"@id\":\"http:\/\/plaspla.es\/#organization\"},\"potentialAction\":[{\"@type\":\"SearchAction\",\"target\":{\"@type\":\"EntryPoint\",\"urlTemplate\":\"http:\/\/plaspla.es\/?s={search_term_string}\"},\"query-input\":\"required name=search_term_string\"}],\"inLanguage\":\"ca\"},{\"@type\":\"Organization\",\"@id\":\"http:\/\/plaspla.es\/#organization\",\"name\":\"PlasPla Vilesca Immobili\u00e0ria\",\"url\":\"http:\/\/plaspla.es\/\",\"logo\":{\"@type\":\"ImageObject\",\"inLanguage\":\"ca\",\"@id\":\"http:\/\/plaspla.es\/#\/schema\/logo\/image\/\",\"url\":\"http:\/\/plaspla.es\/wp-content\/uploads\/2023\/05\/plaspla-logo-2.png\",\"contentUrl\":\"http:\/\/plaspla.es\/wp-content\/uploads\/2023\/05\/plaspla-logo-2.png\",\"width\":693,\"height\":252,\"caption\":\"PlasPla Vilesca Immobili\u00e0ria\"},\"image\":{\"@id\":\"http:\/\/plaspla.es\/#\/schema\/logo\/image\/\"}}]}<\/script>\n<!-- \/ Yoast SEO plugin. -->","yoast_head_json":{"title":"Barcelona Centro. Buena Ubicaci\u00f3n. Sants - PlasPla Vilesca Immobili\u00e0ria","robots":{"index":"index","follow":"follow","max-snippet":"max-snippet:-1","max-image-preview":"max-image-preview:large","max-video-preview":"max-video-preview:-1"},"canonical":"http:\/\/plaspla.es\/ca\/property\/barcelona-centro-buena-ubicacion-sants\/","og_locale":"ca_ES","og_type":"article","og_title":"Barcelona Centro. Buena Ubicaci\u00f3n. Sants - PlasPla Vilesca Immobili\u00e0ria","og_description":"Amplio, c\u00f3modo y pr\u00e1ctico as\u00ed dise\u00f1amos este precioso apartamento en el casco antiguo del barrio de Sants. Servicios y zonas comunes El apartamento es de uso exclusivo de nuestros hu\u00e9spedes, no se comparte con nadie. Otros aspectos destacables Nuestro apartamento cumple con todos los requisitos legales\u00a0 que se exige en Barcelona para apartamentos de estancias [&hellip;]","og_url":"http:\/\/plaspla.es\/ca\/property\/barcelona-centro-buena-ubicacion-sants\/","og_site_name":"PlasPla Vilesca Immobili\u00e0ria","article_modified_time":"2026-03-30T16:51:52+00:00","og_image":[{"width":2560,"height":1706,"url":"http:\/\/plaspla.es\/wp-content\/uploads\/2023\/07\/40584171_original-1-scaled.jpg","type":"image\/jpeg"}],"twitter_card":"summary_large_image","twitter_misc":{"Temps estimat de lectura":"1 minut"},"schema":{"@context":"https:\/\/schema.org","@graph":[{"@type":"WebPage","@id":"http:\/\/plaspla.es\/property\/barcelona-centro-buena-ubicacion-sants\/","url":"http:\/\/plaspla.es\/property\/barcelona-centro-buena-ubicacion-sants\/","name":"Barcelona Centro. Buena Ubicaci\u00f3n. Sants - PlasPla Vilesca Immobili\u00e0ria","isPartOf":{"@id":"http:\/\/plaspla.es\/#website"},"datePublished":"2023-07-11T08:46:00+00:00","dateModified":"2026-03-30T16:51:52+00:00","breadcrumb":{"@id":"http:\/\/plaspla.es\/property\/barcelona-centro-buena-ubicacion-sants\/#breadcrumb"},"inLanguage":"ca","potentialAction":[{"@type":"ReadAction","target":["http:\/\/plaspla.es\/property\/barcelona-centro-buena-ubicacion-sants\/"]}]},{"@type":"BreadcrumbList","@id":"http:\/\/plaspla.es\/property\/barcelona-centro-buena-ubicacion-sants\/#breadcrumb","itemListElement":[{"@type":"ListItem","position":1,"name":"Portada","item":"http:\/\/plaspla.es\/"},{"@type":"ListItem","position":2,"name":"Properties","item":"http:\/\/plaspla.es\/property\/"},{"@type":"ListItem","position":3,"name":"Barcelona Centro. Buena Ubicaci\u00f3n. Sants"}]},{"@type":"WebSite","@id":"http:\/\/plaspla.es\/#website","url":"http:\/\/plaspla.es\/","name":"PlasPla Vilesca Immobili\u00e0ria","description":"Immobili\u00e0ria","publisher":{"@id":"http:\/\/plaspla.es\/#organization"},"potentialAction":[{"@type":"SearchAction","target":{"@type":"EntryPoint","urlTemplate":"http:\/\/plaspla.es\/?s={search_term_string}"},"query-input":"required name=search_term_string"}],"inLanguage":"ca"},{"@type":"Organization","@id":"http:\/\/plaspla.es\/#organization","name":"PlasPla Vilesca Immobili\u00e0ria","url":"http:\/\/plaspla.es\/","logo":{"@type":"ImageObject","inLanguage":"ca","@id":"http:\/\/plaspla.es\/#\/schema\/logo\/image\/","url":"http:\/\/plaspla.es\/wp-content\/uploads\/2023\/05\/plaspla-logo-2.png","contentUrl":"http:\/\/plaspla.es\/wp-content\/uploads\/2023\/05\/plaspla-logo-2.png","width":693,"height":252,"caption":"PlasPla Vilesca Immobili\u00e0ria"},"image":{"@id":"http:\/\/plaspla.es\/#\/schema\/logo\/image\/"}}]}},"_links":{"self":[{"href":"http:\/\/plaspla.es\/ca\/wp-json\/wp\/v2\/property\/3581"}],"collection":[{"href":"http:\/\/plaspla.es\/ca\/wp-json\/wp\/v2\/property"}],"about":[{"href":"http:\/\/plaspla.es\/ca\/wp-json\/wp\/v2\/types\/property"}],"replies":[{"embeddable":true,"href":"http:\/\/plaspla.es\/ca\/wp-json\/wp\/v2\/comments?post=3581"}],"wp:featuredmedia":[{"embeddable":true,"href":"http:\/\/plaspla.es\/ca\/wp-json\/wp\/v2\/media\/3596"}],"wp:attachment":[{"href":"http:\/\/plaspla.es\/ca\/wp-json\/wp\/v2\/media?parent=3581"}],"wp:term":[{"taxonomy":"property_type","embeddable":true,"href":"http:\/\/plaspla.es\/ca\/wp-json\/wp\/v2\/property_type?post=3581"},{"taxonomy":"property_location","embeddable":true,"href":"http:\/\/plaspla.es\/ca\/wp-json\/wp\/v2\/property_location?post=3581"},{"taxonomy":"property_status","embeddable":true,"href":"http:\/\/plaspla.es\/ca\/wp-json\/wp\/v2\/property_status?post=3581"},{"taxonomy":"property_label","embeddable":true,"href":"http:\/\/plaspla.es\/ca\/wp-json\/wp\/v2\/property_label?post=3581"},{"taxonomy":"property_amenity","embeddable":true,"href":"http:\/\/plaspla.es\/ca\/wp-json\/wp\/v2\/property_amenity?post=3581"},{"taxonomy":"property_material","embeddable":true,"href":"http:\/\/plaspla.es\/ca\/wp-json\/wp\/v2\/property_material?post=3581"}],"curies":[{"name":"wp","href":"https:\/\/api.w.org\/{rel}","templated":true}]}}

Barcelona Centro. Buena Ubicación. Sants

<div class="_178zopn">
<div class="_178zopn">
<div class="_178zopn">
<p><span class="ll4r2nl dir dir-ltr">Amplio, cómodo y práctico así diseñamos este precioso apartamento en el casco antiguo del barrio de Sants.</span></p>
<h4 style="text-align: left;"><a href="https://www.airbnb.es/rooms/1821064"><img decoding="async" loading="lazy" class="alignnone wp-image-3906" src="http://plaspla.es/wp-content/uploads/2023/07/Boton-disponibilidad-300x143.png" alt="" width="150" height="72" srcset="http://plaspla.es/wp-content/uploads/2023/07/Boton-disponibilidad-300x143.png 300w, http://plaspla.es/wp-content/uploads/2023/07/Boton-disponibilidad-1024x489.png 1024w, http://plaspla.es/wp-content/uploads/2023/07/Boton-disponibilidad-768x367.png 768w, http://plaspla.es/wp-content/uploads/2023/07/Boton-disponibilidad-1536x733.png 1536w, http://plaspla.es/wp-content/uploads/2023/07/Boton-disponibilidad-2048x978.png 2048w, http://plaspla.es/wp-content/uploads/2023/07/Boton-disponibilidad-18x9.png 18w, http://plaspla.es/wp-content/uploads/2023/07/Boton-disponibilidad-600x286.png 600w" sizes="(max-width: 150px) 100vw, 150px" /></a></h4>
</div>
<div class="_178zopn">
<div>
<div class="_pgfqnw">
<h4 class="hpipapi dir dir-ltr" tabindex="-1">Servicios y zonas comunes</h4>
</div>
<p><span class="ll4r2nl dir dir-ltr">El apartamento es de uso exclusivo de nuestros huéspedes, no se comparte con nadie.</span></p>
</div>
</div>
<div class="_178zopn">
<div>
<div class="_pgfqnw">
<h4 class="hpipapi dir dir-ltr" tabindex="-1">Otros aspectos destacables</h4>
</div>
<p><span class="ll4r2nl dir dir-ltr">Nuestro apartamento cumple con todos los requisitos legales  que se exige en Barcelona para apartamentos de estancias inferiores a un mes.<br />
Dispone de licencia turística seguro y teléfono de contacto 24h para incidencias de cualquier tipo.<br />
El precio de la reserva es sin impuestos, si el huésped está sujeto a iva la factura se emitirá con el precio de la reserva + iva. El porcentaje de iva será el aplicable en el territorio en cada momento.<br />
Suministramos toallas y sábanas sin cargo adicional.<br />
El apartamento viene equipado con lo necesario para su estancia.<br />
No se suministra productos de limpieza ni de cocina.</span></p>
</div>
</div>
<div class="_178zopn">
<div>
<div class="_pgfqnw">
<h4 class="hpipapi dir dir-ltr" tabindex="-1">Número de licencia</h4>
</div>
<p><span class="ll4r2nl dir dir-ltr">HUTB-007797</span></p>
</div>
</div>
</div>
</div>
<div class="_ud8a1c">
<div class="_50mnu4">
<div class="_9ns6hl">
<div class="_50mnu4">
<div class="_9ns6hl">
<div class="_50mnu4">
<div class="_9ns6hl">
<div class="_50mnu4">
<div>
<div></div>
</div>
</div>
</div>
</div>
</div>
</div>
</div>
</div>
</div>

<!-- This site is optimized with the Yoast SEO plugin v21.3 - https://yoast.com/wordpress/plugins/seo/ -->
<title>Barcelona Centro. Buena Ubicación. Sants - PlasPla Vilesca Immobiliària</title>
<meta name="robots" content="index, follow, max-snippet:-1, max-image-preview:large, max-video-preview:-1" />
<link rel="canonical" href="http://plaspla.es/ca/property/barcelona-centro-buena-ubicacion-sants/" />
<meta property="og:locale" content="ca_ES" />
<meta property="og:type" content="article" />
<meta property="og:title" content="Barcelona Centro. Buena Ubicación. Sants - PlasPla Vilesca Immobiliària" />
<meta property="og:description" content="Amplio, cómodo y práctico así diseñamos este precioso apartamento en el casco antiguo del barrio de Sants. Servicios y zonas comunes El apartamento es de uso exclusivo de nuestros huéspedes, no se comparte con nadie. Otros aspectos destacables Nuestro apartamento cumple con todos los requisitos legales  que se exige en Barcelona para apartamentos de estancias [&hellip;]" />
<meta property="og:url" content="http://plaspla.es/ca/property/barcelona-centro-buena-ubicacion-sants/" />
<meta property="og:site_name" content="PlasPla Vilesca Immobiliària" />
<meta property="article:modified_time" content="2026-03-30T16:51:52+00:00" />
<meta property="og:image" content="http://plaspla.es/wp-content/uploads/2023/07/40584171_original-1-scaled.jpg" />
	<meta property="og:image:width" content="2560" />
	<meta property="og:image:height" content="1706" />
	<meta property="og:image:type" content="image/jpeg" />
<meta name="twitter:card" content="summary_large_image" />
<meta name="twitter:label1" content="Temps estimat de lectura" />
	<meta name="twitter:data1" content="1 minut" />
<script type="application/ld+json" class="yoast-schema-graph">{"@context":"https://schema.org","@graph":[{"@type":"WebPage","@id":"http://plaspla.es/property/barcelona-centro-buena-ubicacion-sants/","url":"http://plaspla.es/property/barcelona-centro-buena-ubicacion-sants/","name":"Barcelona Centro. Buena Ubicación. Sants - PlasPla Vilesca Immobiliària","isPartOf":{"@id":"http://plaspla.es/#website"},"datePublished":"2023-07-11T08:46:00+00:00","dateModified":"2026-03-30T16:51:52+00:00","breadcrumb":{"@id":"http://plaspla.es/property/barcelona-centro-buena-ubicacion-sants/#breadcrumb"},"inLanguage":"ca","potentialAction":[{"@type":"ReadAction","target":["http://plaspla.es/property/barcelona-centro-buena-ubicacion-sants/"]}]},{"@type":"BreadcrumbList","@id":"http://plaspla.es/property/barcelona-centro-buena-ubicacion-sants/#breadcrumb","itemListElement":[{"@type":"ListItem","position":1,"name":"Portada","item":"http://plaspla.es/"},{"@type":"ListItem","position":2,"name":"Properties","item":"http://plaspla.es/property/"},{"@type":"ListItem","position":3,"name":"Barcelona Centro. Buena Ubicación. Sants"}]},{"@type":"WebSite","@id":"http://plaspla.es/#website","url":"http://plaspla.es/","name":"PlasPla Vilesca Immobiliària","description":"Immobiliària","publisher":{"@id":"http://plaspla.es/#organization"},"potentialAction":[{"@type":"SearchAction","target":{"@type":"EntryPoint","urlTemplate":"http://plaspla.es/?s={search_term_string}"},"query-input":"required name=search_term_string"}],"inLanguage":"ca"},{"@type":"Organization","@id":"http://plaspla.es/#organization","name":"PlasPla Vilesca Immobiliària","url":"http://plaspla.es/","logo":{"@type":"ImageObject","inLanguage":"ca","@id":"http://plaspla.es/#/schema/logo/image/","url":"http://plaspla.es/wp-content/uploads/2023/05/plaspla-logo-2.png","contentUrl":"http://plaspla.es/wp-content/uploads/2023/05/plaspla-logo-2.png","width":693,"height":252,"caption":"PlasPla Vilesca Immobiliària"},"image":{"@id":"http://plaspla.es/#/schema/logo/image/"}}]}</script>
<!-- / Yoast SEO plugin. -->

Barcelona Centro. Buena Ubicación. Sants - PlasPla Vilesca Immobiliària

Amplio, cómodo y práctico así diseñamos este precioso apartamento en el casco antiguo del barrio de Sants. Servicios y zonas comunes El apartamento es de uso exclusivo de nuestros huéspedes, no se comparte con nadie. Otros aspectos destacables Nuestro apartamento cumple con todos los requisitos legales  que se exige en Barcelona para apartamentos de estancias [&hellip;]

PlasPla Vilesca Immobiliària

Immobiliària
