{"id":3538,"date":"2023-07-10T15:30:07","date_gmt":"2023-07-10T15:30:07","guid":{"rendered":"http:\/\/plaspla.es\/?post_type=property&#038;p=3538"},"modified":"2026-03-30T16:49:28","modified_gmt":"2026-03-30T16:49:28","slug":"apartamento-de-temporada-en-el-casco-antiguo","status":"publish","type":"property","link":"http:\/\/plaspla.es\/ca\/property\/apartamento-de-temporada-en-el-casco-antiguo\/","title":{"rendered":"Apartamento de temporada en el casco antiguo"},"content":{"rendered":"<div class=\"_178zopn\">\n<div class=\"_178zopn\">\n<div><span class=\"ll4r2nl dir dir-ltr\">Apartamento de dise\u00f1o moderno, conservando rasgos de la edificaci\u00f3n centenaria como las vigas de madera o los suelos de cer\u00e1mica hidr\u00e1ulica.<br \/>\nbarrio t\u00edpico Barcelon\u00e9s, con todo lo necesario y de f\u00e1cil acceso a la red de metro, tren, autob\u00fas y aeropuerto.<\/span><\/div>\n<\/div>\n<div class=\"_178zopn\">\n<div class=\"_pgfqnw\">\n<h4 style=\"text-align: left;\"><a href=\"https:\/\/www.airbnb.es\/rooms\/28553445\"><img decoding=\"async\" loading=\"lazy\" class=\"alignnone wp-image-3906\" src=\"http:\/\/plaspla.es\/wp-content\/uploads\/2023\/07\/Boton-disponibilidad-300x143.png\" alt=\"\" width=\"150\" height=\"72\" srcset=\"http:\/\/plaspla.es\/wp-content\/uploads\/2023\/07\/Boton-disponibilidad-300x143.png 300w, http:\/\/plaspla.es\/wp-content\/uploads\/2023\/07\/Boton-disponibilidad-1024x489.png 1024w, http:\/\/plaspla.es\/wp-content\/uploads\/2023\/07\/Boton-disponibilidad-768x367.png 768w, http:\/\/plaspla.es\/wp-content\/uploads\/2023\/07\/Boton-disponibilidad-1536x733.png 1536w, http:\/\/plaspla.es\/wp-content\/uploads\/2023\/07\/Boton-disponibilidad-2048x978.png 2048w, http:\/\/plaspla.es\/wp-content\/uploads\/2023\/07\/Boton-disponibilidad-18x9.png 18w, http:\/\/plaspla.es\/wp-content\/uploads\/2023\/07\/Boton-disponibilidad-600x286.png 600w\" sizes=\"(max-width: 150px) 100vw, 150px\" \/><\/a><\/h4>\n<h4 class=\"hpipapi dir dir-ltr\" tabindex=\"-1\">El espacio<\/h4>\n<\/div>\n<p><span class=\"ll4r2nl dir dir-ltr\">Apartamento de un dormitorio con cama doble mas una sof\u00e1 cama doble en el sal\u00f3n comedor, ideal para parejas.<\/span><\/p>\n<\/div>\n<div class=\"_178zopn\">\n<div>\n<div class=\"_pgfqnw\">\n<h4 class=\"hpipapi dir dir-ltr\" tabindex=\"-1\">Servicios y zonas comunes<\/h4>\n<\/div>\n<p><span class=\"ll4r2nl dir dir-ltr\">El apartamento no se comparte.<\/span><\/p>\n<\/div>\n<\/div>\n<div class=\"_178zopn\">\n<div>\n<div class=\"_pgfqnw\">\n<h4 class=\"hpipapi dir dir-ltr\" tabindex=\"-1\">Otros aspectos destacables<\/h4>\n<\/div>\n<p><span class=\"ll4r2nl dir dir-ltr\">Nuestro apartamento cumple con todos los requisitos legales que se exige en Barcelona.<br \/>\nDispone de licencia tur\u00edstica seguro y tel\u00e9fono de contacto 24h para incidencias de cualquier tipo.<br \/>\nPor todo ello se le pedir\u00e1 informaci\u00f3n personal (nombre, pasaporte y domicilio habitual) antes de su llegada con el fin de acreditarse.<br \/>\nEl apartamento no se comparte.<br \/>\nCheck In de 16h a 20h<br \/>\nChek out 11h AM<br \/>\nEl precio de la reserva es sin impuestos, si el hu\u00e9sped esta sujeto a iva la factura se emitir\u00e1 con el precio de la reserva + iva. El porcentaje de iva ser\u00e1 el aplicable en el territorio en cada momento.<br \/>\nSuministramos toallas y sabanas sin cargo adicional.<br \/>\nEl apartamento viene equipado con lo necesario para su estancia.<br \/>\nNo se suministra productos de limpieza ni de cocina.<\/span><\/p>\n<\/div>\n<\/div>\n<\/div>\n","protected":false},"featured_media":3565,"comment_status":"closed","ping_status":"closed","template":"","property_type":[98],"property_location":[],"property_status":[],"property_label":[140],"property_amenity":[172,177,222,196,181,215,189,202,203,221,212,199,174,214,213,122,150,217,129,220,139,186,218,219,175,179,207,200,176,223,191,188,201,216,204,168,192,193],"property_material":[],"yoast_head":"<!-- This site is optimized with the Yoast SEO plugin v21.3 - https:\/\/yoast.com\/wordpress\/plugins\/seo\/ -->\n<title>Apartamento de temporada en el casco antiguo - PlasPla Vilesca Immobili\u00e0ria<\/title>\n<meta name=\"robots\" content=\"index, follow, max-snippet:-1, max-image-preview:large, max-video-preview:-1\" \/>\n<link rel=\"canonical\" href=\"http:\/\/plaspla.es\/ca\/property\/apartamento-de-temporada-en-el-casco-antiguo\/\" \/>\n<meta property=\"og:locale\" content=\"ca_ES\" \/>\n<meta property=\"og:type\" content=\"article\" \/>\n<meta property=\"og:title\" content=\"Apartamento de temporada en el casco antiguo - PlasPla Vilesca Immobili\u00e0ria\" \/>\n<meta property=\"og:description\" content=\"Apartamento de dise\u00f1o moderno, conservando rasgos de la edificaci\u00f3n centenaria como las vigas de madera o los suelos de cer\u00e1mica hidr\u00e1ulica. barrio t\u00edpico Barcelon\u00e9s, con todo lo necesario y de f\u00e1cil acceso a la red de metro, tren, autob\u00fas y aeropuerto. El espacio Apartamento de un dormitorio con cama doble mas una sof\u00e1 cama doble [&hellip;]\" \/>\n<meta property=\"og:url\" content=\"http:\/\/plaspla.es\/ca\/property\/apartamento-de-temporada-en-el-casco-antiguo\/\" \/>\n<meta property=\"og:site_name\" content=\"PlasPla Vilesca Immobili\u00e0ria\" \/>\n<meta property=\"article:modified_time\" content=\"2026-03-30T16:49:28+00:00\" \/>\n<meta property=\"og:image\" content=\"http:\/\/plaspla.es\/wp-content\/uploads\/2023\/07\/a05edb69-c878-4ebf-b831-f62a7bc7ea92.jpg\" \/>\n\t<meta property=\"og:image:width\" content=\"1200\" \/>\n\t<meta property=\"og:image:height\" content=\"801\" \/>\n\t<meta property=\"og:image:type\" content=\"image\/jpeg\" \/>\n<meta name=\"twitter:card\" content=\"summary_large_image\" \/>\n<meta name=\"twitter:label1\" content=\"Temps estimat de lectura\" \/>\n\t<meta name=\"twitter:data1\" content=\"2 minuts\" \/>\n<script type=\"application\/ld+json\" class=\"yoast-schema-graph\">{\"@context\":\"https:\/\/schema.org\",\"@graph\":[{\"@type\":\"WebPage\",\"@id\":\"http:\/\/plaspla.es\/property\/apartamento-de-temporada-en-el-casco-antiguo\/\",\"url\":\"http:\/\/plaspla.es\/property\/apartamento-de-temporada-en-el-casco-antiguo\/\",\"name\":\"Apartamento de temporada en el casco antiguo - PlasPla Vilesca Immobili\u00e0ria\",\"isPartOf\":{\"@id\":\"http:\/\/plaspla.es\/#website\"},\"datePublished\":\"2023-07-10T15:30:07+00:00\",\"dateModified\":\"2026-03-30T16:49:28+00:00\",\"breadcrumb\":{\"@id\":\"http:\/\/plaspla.es\/property\/apartamento-de-temporada-en-el-casco-antiguo\/#breadcrumb\"},\"inLanguage\":\"ca\",\"potentialAction\":[{\"@type\":\"ReadAction\",\"target\":[\"http:\/\/plaspla.es\/property\/apartamento-de-temporada-en-el-casco-antiguo\/\"]}]},{\"@type\":\"BreadcrumbList\",\"@id\":\"http:\/\/plaspla.es\/property\/apartamento-de-temporada-en-el-casco-antiguo\/#breadcrumb\",\"itemListElement\":[{\"@type\":\"ListItem\",\"position\":1,\"name\":\"Portada\",\"item\":\"http:\/\/plaspla.es\/\"},{\"@type\":\"ListItem\",\"position\":2,\"name\":\"Properties\",\"item\":\"http:\/\/plaspla.es\/property\/\"},{\"@type\":\"ListItem\",\"position\":3,\"name\":\"Apartamento de temporada en el casco antiguo\"}]},{\"@type\":\"WebSite\",\"@id\":\"http:\/\/plaspla.es\/#website\",\"url\":\"http:\/\/plaspla.es\/\",\"name\":\"PlasPla Vilesca Immobili\u00e0ria\",\"description\":\"Immobili\u00e0ria\",\"publisher\":{\"@id\":\"http:\/\/plaspla.es\/#organization\"},\"potentialAction\":[{\"@type\":\"SearchAction\",\"target\":{\"@type\":\"EntryPoint\",\"urlTemplate\":\"http:\/\/plaspla.es\/?s={search_term_string}\"},\"query-input\":\"required name=search_term_string\"}],\"inLanguage\":\"ca\"},{\"@type\":\"Organization\",\"@id\":\"http:\/\/plaspla.es\/#organization\",\"name\":\"PlasPla Vilesca Immobili\u00e0ria\",\"url\":\"http:\/\/plaspla.es\/\",\"logo\":{\"@type\":\"ImageObject\",\"inLanguage\":\"ca\",\"@id\":\"http:\/\/plaspla.es\/#\/schema\/logo\/image\/\",\"url\":\"http:\/\/plaspla.es\/wp-content\/uploads\/2023\/05\/plaspla-logo-2.png\",\"contentUrl\":\"http:\/\/plaspla.es\/wp-content\/uploads\/2023\/05\/plaspla-logo-2.png\",\"width\":693,\"height\":252,\"caption\":\"PlasPla Vilesca Immobili\u00e0ria\"},\"image\":{\"@id\":\"http:\/\/plaspla.es\/#\/schema\/logo\/image\/\"}}]}<\/script>\n<!-- \/ Yoast SEO plugin. -->","yoast_head_json":{"title":"Apartamento de temporada en el casco antiguo - PlasPla Vilesca Immobili\u00e0ria","robots":{"index":"index","follow":"follow","max-snippet":"max-snippet:-1","max-image-preview":"max-image-preview:large","max-video-preview":"max-video-preview:-1"},"canonical":"http:\/\/plaspla.es\/ca\/property\/apartamento-de-temporada-en-el-casco-antiguo\/","og_locale":"ca_ES","og_type":"article","og_title":"Apartamento de temporada en el casco antiguo - PlasPla Vilesca Immobili\u00e0ria","og_description":"Apartamento de dise\u00f1o moderno, conservando rasgos de la edificaci\u00f3n centenaria como las vigas de madera o los suelos de cer\u00e1mica hidr\u00e1ulica. barrio t\u00edpico Barcelon\u00e9s, con todo lo necesario y de f\u00e1cil acceso a la red de metro, tren, autob\u00fas y aeropuerto. El espacio Apartamento de un dormitorio con cama doble mas una sof\u00e1 cama doble [&hellip;]","og_url":"http:\/\/plaspla.es\/ca\/property\/apartamento-de-temporada-en-el-casco-antiguo\/","og_site_name":"PlasPla Vilesca Immobili\u00e0ria","article_modified_time":"2026-03-30T16:49:28+00:00","og_image":[{"width":1200,"height":801,"url":"http:\/\/plaspla.es\/wp-content\/uploads\/2023\/07\/a05edb69-c878-4ebf-b831-f62a7bc7ea92.jpg","type":"image\/jpeg"}],"twitter_card":"summary_large_image","twitter_misc":{"Temps estimat de lectura":"2 minuts"},"schema":{"@context":"https:\/\/schema.org","@graph":[{"@type":"WebPage","@id":"http:\/\/plaspla.es\/property\/apartamento-de-temporada-en-el-casco-antiguo\/","url":"http:\/\/plaspla.es\/property\/apartamento-de-temporada-en-el-casco-antiguo\/","name":"Apartamento de temporada en el casco antiguo - PlasPla Vilesca Immobili\u00e0ria","isPartOf":{"@id":"http:\/\/plaspla.es\/#website"},"datePublished":"2023-07-10T15:30:07+00:00","dateModified":"2026-03-30T16:49:28+00:00","breadcrumb":{"@id":"http:\/\/plaspla.es\/property\/apartamento-de-temporada-en-el-casco-antiguo\/#breadcrumb"},"inLanguage":"ca","potentialAction":[{"@type":"ReadAction","target":["http:\/\/plaspla.es\/property\/apartamento-de-temporada-en-el-casco-antiguo\/"]}]},{"@type":"BreadcrumbList","@id":"http:\/\/plaspla.es\/property\/apartamento-de-temporada-en-el-casco-antiguo\/#breadcrumb","itemListElement":[{"@type":"ListItem","position":1,"name":"Portada","item":"http:\/\/plaspla.es\/"},{"@type":"ListItem","position":2,"name":"Properties","item":"http:\/\/plaspla.es\/property\/"},{"@type":"ListItem","position":3,"name":"Apartamento de temporada en el casco antiguo"}]},{"@type":"WebSite","@id":"http:\/\/plaspla.es\/#website","url":"http:\/\/plaspla.es\/","name":"PlasPla Vilesca Immobili\u00e0ria","description":"Immobili\u00e0ria","publisher":{"@id":"http:\/\/plaspla.es\/#organization"},"potentialAction":[{"@type":"SearchAction","target":{"@type":"EntryPoint","urlTemplate":"http:\/\/plaspla.es\/?s={search_term_string}"},"query-input":"required name=search_term_string"}],"inLanguage":"ca"},{"@type":"Organization","@id":"http:\/\/plaspla.es\/#organization","name":"PlasPla Vilesca Immobili\u00e0ria","url":"http:\/\/plaspla.es\/","logo":{"@type":"ImageObject","inLanguage":"ca","@id":"http:\/\/plaspla.es\/#\/schema\/logo\/image\/","url":"http:\/\/plaspla.es\/wp-content\/uploads\/2023\/05\/plaspla-logo-2.png","contentUrl":"http:\/\/plaspla.es\/wp-content\/uploads\/2023\/05\/plaspla-logo-2.png","width":693,"height":252,"caption":"PlasPla Vilesca Immobili\u00e0ria"},"image":{"@id":"http:\/\/plaspla.es\/#\/schema\/logo\/image\/"}}]}},"_links":{"self":[{"href":"http:\/\/plaspla.es\/ca\/wp-json\/wp\/v2\/property\/3538"}],"collection":[{"href":"http:\/\/plaspla.es\/ca\/wp-json\/wp\/v2\/property"}],"about":[{"href":"http:\/\/plaspla.es\/ca\/wp-json\/wp\/v2\/types\/property"}],"replies":[{"embeddable":true,"href":"http:\/\/plaspla.es\/ca\/wp-json\/wp\/v2\/comments?post=3538"}],"wp:featuredmedia":[{"embeddable":true,"href":"http:\/\/plaspla.es\/ca\/wp-json\/wp\/v2\/media\/3565"}],"wp:attachment":[{"href":"http:\/\/plaspla.es\/ca\/wp-json\/wp\/v2\/media?parent=3538"}],"wp:term":[{"taxonomy":"property_type","embeddable":true,"href":"http:\/\/plaspla.es\/ca\/wp-json\/wp\/v2\/property_type?post=3538"},{"taxonomy":"property_location","embeddable":true,"href":"http:\/\/plaspla.es\/ca\/wp-json\/wp\/v2\/property_location?post=3538"},{"taxonomy":"property_status","embeddable":true,"href":"http:\/\/plaspla.es\/ca\/wp-json\/wp\/v2\/property_status?post=3538"},{"taxonomy":"property_label","embeddable":true,"href":"http:\/\/plaspla.es\/ca\/wp-json\/wp\/v2\/property_label?post=3538"},{"taxonomy":"property_amenity","embeddable":true,"href":"http:\/\/plaspla.es\/ca\/wp-json\/wp\/v2\/property_amenity?post=3538"},{"taxonomy":"property_material","embeddable":true,"href":"http:\/\/plaspla.es\/ca\/wp-json\/wp\/v2\/property_material?post=3538"}],"curies":[{"name":"wp","href":"https:\/\/api.w.org\/{rel}","templated":true}]}}

<div class="_178zopn">
<div class="_178zopn">
<div><span class="ll4r2nl dir dir-ltr">Apartamento de diseño moderno, conservando rasgos de la edificación centenaria como las vigas de madera o los suelos de cerámica hidráulica.<br />
barrio típico Barcelonés, con todo lo necesario y de fácil acceso a la red de metro, tren, autobús y aeropuerto.</span></div>
</div>
<div class="_178zopn">
<div class="_pgfqnw">
<h4 style="text-align: left;"><a href="https://www.airbnb.es/rooms/28553445"><img decoding="async" loading="lazy" class="alignnone wp-image-3906" src="http://plaspla.es/wp-content/uploads/2023/07/Boton-disponibilidad-300x143.png" alt="" width="150" height="72" srcset="http://plaspla.es/wp-content/uploads/2023/07/Boton-disponibilidad-300x143.png 300w, http://plaspla.es/wp-content/uploads/2023/07/Boton-disponibilidad-1024x489.png 1024w, http://plaspla.es/wp-content/uploads/2023/07/Boton-disponibilidad-768x367.png 768w, http://plaspla.es/wp-content/uploads/2023/07/Boton-disponibilidad-1536x733.png 1536w, http://plaspla.es/wp-content/uploads/2023/07/Boton-disponibilidad-2048x978.png 2048w, http://plaspla.es/wp-content/uploads/2023/07/Boton-disponibilidad-18x9.png 18w, http://plaspla.es/wp-content/uploads/2023/07/Boton-disponibilidad-600x286.png 600w" sizes="(max-width: 150px) 100vw, 150px" /></a></h4>
<h4 class="hpipapi dir dir-ltr" tabindex="-1">El espacio</h4>
</div>
<p><span class="ll4r2nl dir dir-ltr">Apartamento de un dormitorio con cama doble mas una sofá cama doble en el salón comedor, ideal para parejas.</span></p>
</div>
<div class="_178zopn">
<div>
<div class="_pgfqnw">
<h4 class="hpipapi dir dir-ltr" tabindex="-1">Servicios y zonas comunes</h4>
</div>
<p><span class="ll4r2nl dir dir-ltr">El apartamento no se comparte.</span></p>
</div>
</div>
<div class="_178zopn">
<div>
<div class="_pgfqnw">
<h4 class="hpipapi dir dir-ltr" tabindex="-1">Otros aspectos destacables</h4>
</div>
<p><span class="ll4r2nl dir dir-ltr">Nuestro apartamento cumple con todos los requisitos legales que se exige en Barcelona.<br />
Dispone de licencia turística seguro y teléfono de contacto 24h para incidencias de cualquier tipo.<br />
Por todo ello se le pedirá información personal (nombre, pasaporte y domicilio habitual) antes de su llegada con el fin de acreditarse.<br />
El apartamento no se comparte.<br />
Check In de 16h a 20h<br />
Chek out 11h AM<br />
El precio de la reserva es sin impuestos, si el huésped esta sujeto a iva la factura se emitirá con el precio de la reserva + iva. El porcentaje de iva será el aplicable en el territorio en cada momento.<br />
Suministramos toallas y sabanas sin cargo adicional.<br />
El apartamento viene equipado con lo necesario para su estancia.<br />
No se suministra productos de limpieza ni de cocina.</span></p>
</div>
</div>
</div>

<!-- This site is optimized with the Yoast SEO plugin v21.3 - https://yoast.com/wordpress/plugins/seo/ -->
<title>Apartamento de temporada en el casco antiguo - PlasPla Vilesca Immobiliària</title>
<meta name="robots" content="index, follow, max-snippet:-1, max-image-preview:large, max-video-preview:-1" />
<link rel="canonical" href="http://plaspla.es/ca/property/apartamento-de-temporada-en-el-casco-antiguo/" />
<meta property="og:locale" content="ca_ES" />
<meta property="og:type" content="article" />
<meta property="og:title" content="Apartamento de temporada en el casco antiguo - PlasPla Vilesca Immobiliària" />
<meta property="og:description" content="Apartamento de diseño moderno, conservando rasgos de la edificación centenaria como las vigas de madera o los suelos de cerámica hidráulica. barrio típico Barcelonés, con todo lo necesario y de fácil acceso a la red de metro, tren, autobús y aeropuerto. El espacio Apartamento de un dormitorio con cama doble mas una sofá cama doble [&hellip;]" />
<meta property="og:url" content="http://plaspla.es/ca/property/apartamento-de-temporada-en-el-casco-antiguo/" />
<meta property="og:site_name" content="PlasPla Vilesca Immobiliària" />
<meta property="article:modified_time" content="2026-03-30T16:49:28+00:00" />
<meta property="og:image" content="http://plaspla.es/wp-content/uploads/2023/07/a05edb69-c878-4ebf-b831-f62a7bc7ea92.jpg" />
	<meta property="og:image:width" content="1200" />
	<meta property="og:image:height" content="801" />
	<meta property="og:image:type" content="image/jpeg" />
<meta name="twitter:card" content="summary_large_image" />
<meta name="twitter:label1" content="Temps estimat de lectura" />
	<meta name="twitter:data1" content="2 minuts" />
<script type="application/ld+json" class="yoast-schema-graph">{"@context":"https://schema.org","@graph":[{"@type":"WebPage","@id":"http://plaspla.es/property/apartamento-de-temporada-en-el-casco-antiguo/","url":"http://plaspla.es/property/apartamento-de-temporada-en-el-casco-antiguo/","name":"Apartamento de temporada en el casco antiguo - PlasPla Vilesca Immobiliària","isPartOf":{"@id":"http://plaspla.es/#website"},"datePublished":"2023-07-10T15:30:07+00:00","dateModified":"2026-03-30T16:49:28+00:00","breadcrumb":{"@id":"http://plaspla.es/property/apartamento-de-temporada-en-el-casco-antiguo/#breadcrumb"},"inLanguage":"ca","potentialAction":[{"@type":"ReadAction","target":["http://plaspla.es/property/apartamento-de-temporada-en-el-casco-antiguo/"]}]},{"@type":"BreadcrumbList","@id":"http://plaspla.es/property/apartamento-de-temporada-en-el-casco-antiguo/#breadcrumb","itemListElement":[{"@type":"ListItem","position":1,"name":"Portada","item":"http://plaspla.es/"},{"@type":"ListItem","position":2,"name":"Properties","item":"http://plaspla.es/property/"},{"@type":"ListItem","position":3,"name":"Apartamento de temporada en el casco antiguo"}]},{"@type":"WebSite","@id":"http://plaspla.es/#website","url":"http://plaspla.es/","name":"PlasPla Vilesca Immobiliària","description":"Immobiliària","publisher":{"@id":"http://plaspla.es/#organization"},"potentialAction":[{"@type":"SearchAction","target":{"@type":"EntryPoint","urlTemplate":"http://plaspla.es/?s={search_term_string}"},"query-input":"required name=search_term_string"}],"inLanguage":"ca"},{"@type":"Organization","@id":"http://plaspla.es/#organization","name":"PlasPla Vilesca Immobiliària","url":"http://plaspla.es/","logo":{"@type":"ImageObject","inLanguage":"ca","@id":"http://plaspla.es/#/schema/logo/image/","url":"http://plaspla.es/wp-content/uploads/2023/05/plaspla-logo-2.png","contentUrl":"http://plaspla.es/wp-content/uploads/2023/05/plaspla-logo-2.png","width":693,"height":252,"caption":"PlasPla Vilesca Immobiliària"},"image":{"@id":"http://plaspla.es/#/schema/logo/image/"}}]}</script>
<!-- / Yoast SEO plugin. -->

Apartamento de temporada en el casco antiguo - PlasPla Vilesca Immobiliària

Apartamento de diseño moderno, conservando rasgos de la edificación centenaria como las vigas de madera o los suelos de cerámica hidráulica. barrio típico Barcelonés, con todo lo necesario y de fácil acceso a la red de metro, tren, autobús y aeropuerto. El espacio Apartamento de un dormitorio con cama doble mas una sofá cama doble [&hellip;]

PlasPla Vilesca Immobiliària

Immobiliària
