{"version":"1.0","provider_name":"PlasPla Vilesca Immobili\u00e0ria","provider_url":"http:\/\/plaspla.es\/ca","author_name":"admin","author_url":"http:\/\/plaspla.es\/ca\/author\/admin\/","title":"Barcelona Centro. Buena Ubicaci\u00f3n. Sants - PlasPla Vilesca Immobili\u00e0ria","type":"rich","width":600,"height":338,"html":"<blockquote class=\"wp-embedded-content\" data-secret=\"c8NHmkCRfL\"><a href=\"http:\/\/plaspla.es\/ca\/property\/barcelona-centro-buena-ubicacion-sants\/\">Barcelona Centro. Buena Ubicaci\u00f3n. Sants<\/a><\/blockquote><iframe sandbox=\"allow-scripts\" security=\"restricted\" src=\"http:\/\/plaspla.es\/ca\/property\/barcelona-centro-buena-ubicacion-sants\/embed\/#?secret=c8NHmkCRfL\" width=\"600\" height=\"338\" title=\"&#8220;Barcelona Centro. Buena Ubicaci\u00f3n. Sants&#8221; &#8212; PlasPla Vilesca Immobili\u00e0ria\" data-secret=\"c8NHmkCRfL\" frameborder=\"0\" marginwidth=\"0\" marginheight=\"0\" scrolling=\"no\" class=\"wp-embedded-content\"><\/iframe><script type=\"text\/javascript\">\n\/*! This file is auto-generated *\/\n!function(c,d){\"use strict\";var e=!1,o=!1;if(d.querySelector)if(c.addEventListener)e=!0;if(c.wp=c.wp||{},c.wp.receiveEmbedMessage);else if(c.wp.receiveEmbedMessage=function(e){var t=e.data;if(!t);else if(!(t.secret||t.message||t.value));else if(\/[^a-zA-Z0-9]\/.test(t.secret));else{for(var r,s,a,i=d.querySelectorAll('iframe[data-secret=\"'+t.secret+'\"]'),n=d.querySelectorAll('blockquote[data-secret=\"'+t.secret+'\"]'),o=new RegExp(\"^https?:$\",\"i\"),l=0;l<n.length;l++)n[l].style.display=\"none\";for(l=0;l<i.length;l++)if(r=i[l],e.source!==r.contentWindow);else{if(r.removeAttribute(\"style\"),\"height\"===t.message){if(1e3<(s=parseInt(t.value,10)))s=1e3;else if(~~s<200)s=200;r.height=s}if(\"link\"===t.message)if(s=d.createElement(\"a\"),a=d.createElement(\"a\"),s.href=r.getAttribute(\"src\"),a.href=t.value,!o.test(a.protocol));else if(a.host===s.host)if(d.activeElement===r)c.top.location.href=t.value}}},e)c.addEventListener(\"message\",c.wp.receiveEmbedMessage,!1),d.addEventListener(\"DOMContentLoaded\",t,!1),c.addEventListener(\"load\",t,!1);function t(){if(o);else{o=!0;for(var e,t,r,s=-1!==navigator.appVersion.indexOf(\"MSIE 10\"),a=!!navigator.userAgent.match(\/Trident.*rv:11\\.\/),i=d.querySelectorAll(\"iframe.wp-embedded-content\"),n=0;n<i.length;n++){if(!(r=(t=i[n]).getAttribute(\"data-secret\")))r=Math.random().toString(36).substr(2,10),t.src+=\"#?secret=\"+r,t.setAttribute(\"data-secret\",r);if(s||a)(e=t.cloneNode(!0)).removeAttribute(\"security\"),t.parentNode.replaceChild(e,t);t.contentWindow.postMessage({message:\"ready\",secret:r},\"*\")}}}}(window,document);\n<\/script>","thumbnail_url":"http:\/\/plaspla.es\/wp-content\/uploads\/2023\/07\/40584171_original-1-scaled.jpg","thumbnail_width":2560,"thumbnail_height":1706,"description":"Amplio, c\u00f3modo y pr\u00e1ctico as\u00ed dise\u00f1amos este precioso apartamento en el casco antiguo del barrio de Sants. Servicios y zonas comunes El apartamento es de uso exclusivo de nuestros hu\u00e9spedes, no se comparte con nadie. Otros aspectos destacables Nuestro apartamento cumple con todos los requisitos legales\u00a0 que se exige en Barcelona para apartamentos de estancias [&hellip;]"}

PlasPla Vilesca Immobiliària

Barcelona Centro. Buena Ubicación. Sants - PlasPla Vilesca Immobiliària

<blockquote class="wp-embedded-content" data-secret="c8NHmkCRfL"><a href="http://plaspla.es/ca/property/barcelona-centro-buena-ubicacion-sants/">Barcelona Centro. Buena Ubicación. Sants</a></blockquote><iframe sandbox="allow-scripts" security="restricted" src="http://plaspla.es/ca/property/barcelona-centro-buena-ubicacion-sants/embed/#?secret=c8NHmkCRfL" width="600" height="338" title="&#8220;Barcelona Centro. Buena Ubicación. Sants&#8221; &#8212; PlasPla Vilesca Immobiliària" data-secret="c8NHmkCRfL" frameborder="0" marginwidth="0" marginheight="0" scrolling="no" class="wp-embedded-content"></iframe><script type="text/javascript">
/*! This file is auto-generated */
!function(c,d){"use strict";var e=!1,o=!1;if(d.querySelector)if(c.addEventListener)e=!0;if(c.wp=c.wp||{},c.wp.receiveEmbedMessage);else if(c.wp.receiveEmbedMessage=function(e){var t=e.data;if(!t);else if(!(t.secret||t.message||t.value));else if(/[^a-zA-Z0-9]/.test(t.secret));else{for(var r,s,a,i=d.querySelectorAll('iframe[data-secret="'+t.secret+'"]'),n=d.querySelectorAll('blockquote[data-secret="'+t.secret+'"]'),o=new RegExp("^https?:$","i"),l=0;l<n.length;l++)n[l].style.display="none";for(l=0;l<i.length;l++)if(r=i[l],e.source!==r.contentWindow);else{if(r.removeAttribute("style"),"height"===t.message){if(1e3<(s=parseInt(t.value,10)))s=1e3;else if(~~s<200)s=200;r.height=s}if("link"===t.message)if(s=d.createElement("a"),a=d.createElement("a"),s.href=r.getAttribute("src"),a.href=t.value,!o.test(a.protocol));else if(a.host===s.host)if(d.activeElement===r)c.top.location.href=t.value}}},e)c.addEventListener("message",c.wp.receiveEmbedMessage,!1),d.addEventListener("DOMContentLoaded",t,!1),c.addEventListener("load",t,!1);function t(){if(o);else{o=!0;for(var e,t,r,s=-1!==navigator.appVersion.indexOf("MSIE 10"),a=!!navigator.userAgent.match(/Trident.*rv:11\./),i=d.querySelectorAll("iframe.wp-embedded-content"),n=0;n<i.length;n++){if(!(r=(t=i[n]).getAttribute("data-secret")))r=Math.random().toString(36).substr(2,10),t.src+="#?secret="+r,t.setAttribute("data-secret",r);if(s||a)(e=t.cloneNode(!0)).removeAttribute("security"),t.parentNode.replaceChild(e,t);t.contentWindow.postMessage({message:"ready",secret:r},"*")}}}}(window,document);
</script>

Amplio, cómodo y práctico así diseñamos este precioso apartamento en el casco antiguo del barrio de Sants. Servicios y zonas comunes El apartamento es de uso exclusivo de nuestros huéspedes, no se comparte con nadie. Otros aspectos destacables Nuestro apartamento cumple con todos los requisitos legales  que se exige en Barcelona para apartamentos de estancias [&hellip;]
